{"id":9325,"date":"2024-11-21T14:20:18","date_gmt":"2024-11-21T13:20:18","guid":{"rendered":"https:\/\/radio-aviva.com\/nimes\/?post_type=podcast&#038;p=9325"},"modified":"2024-11-21T14:20:18","modified_gmt":"2024-11-21T13:20:18","slug":"fete-de-la-science-samantha-schnegg","status":"publish","type":"podcast","link":"https:\/\/radio-aviva.com\/nimes\/podcast\/fete-de-la-science-samantha-schnegg\/","title":{"rendered":"F\u00eate de la science &#8211; Samantha SCHNEGG"},"content":{"rendered":"<p>Dans cette \u00e9mission du 23 septembre nous recevons Samantha SCHNEGG, Directrice adjointe de la recherche en charge du dialogue Sciences-Soci\u00e9t\u00e9 \u00e0 l\u2019universit\u00e9 de N\u00eemes, qui nous pr\u00e9sente la f\u00eate de la science qui a lieu du 4 au 14 octobre.<\/p>\n","protected":false},"author":336,"featured_media":8550,"template":"","tags":[],"podcastfilter":[30],"class_list":["post-9325","podcast","type-podcast","status-publish","has-post-thumbnail","hentry","podcastfilter-linvite-de-la-redaction"],"_links":{"self":[{"href":"https:\/\/radio-aviva.com\/nimes\/wp-json\/wp\/v2\/podcast\/9325","targetHints":{"allow":["GET"]}}],"collection":[{"href":"https:\/\/radio-aviva.com\/nimes\/wp-json\/wp\/v2\/podcast"}],"about":[{"href":"https:\/\/radio-aviva.com\/nimes\/wp-json\/wp\/v2\/types\/podcast"}],"author":[{"embeddable":true,"href":"https:\/\/radio-aviva.com\/nimes\/wp-json\/wp\/v2\/users\/336"}],"version-history":[{"count":1,"href":"https:\/\/radio-aviva.com\/nimes\/wp-json\/wp\/v2\/podcast\/9325\/revisions"}],"predecessor-version":[{"id":9326,"href":"https:\/\/radio-aviva.com\/nimes\/wp-json\/wp\/v2\/podcast\/9325\/revisions\/9326"}],"wp:featuredmedia":[{"embeddable":true,"href":"https:\/\/radio-aviva.com\/nimes\/wp-json\/wp\/v2\/media\/8550"}],"wp:attachment":[{"href":"https:\/\/radio-aviva.com\/nimes\/wp-json\/wp\/v2\/media?parent=9325"}],"wp:term":[{"taxonomy":"post_tag","embeddable":true,"href":"https:\/\/radio-aviva.com\/nimes\/wp-json\/wp\/v2\/tags?post=9325"},{"taxonomy":"podcastfilter","embeddable":true,"href":"https:\/\/radio-aviva.com\/nimes\/wp-json\/wp\/v2\/podcastfilter?post=9325"}],"curies":[{"name":"wp","href":"https:\/\/api.w.org\/{rel}","templated":true}]}}

Fête de la science &#8211; Samantha SCHNEGG

<p>Dans cette émission du 23 septembre nous recevons Samantha SCHNEGG, Directrice adjointe de la recherche en charge du dialogue Sciences-Société à l’université de Nîmes, qui nous présente la fête de la science qui a lieu du 4 au 14 octobre.</p>
