{"id":9328,"date":"2024-11-21T15:04:35","date_gmt":"2024-11-21T14:04:35","guid":{"rendered":"https:\/\/radio-aviva.com\/nimes\/?post_type=podcast&#038;p=9328"},"modified":"2024-11-21T15:04:35","modified_gmt":"2024-11-21T14:04:35","slug":"cafe-societe-plateau-ess-nimes","status":"publish","type":"podcast","link":"https:\/\/radio-aviva.com\/nimes\/podcast\/cafe-societe-plateau-ess-nimes\/","title":{"rendered":"CAFE SOCIETE &#8211; PLATEAU ESS NIMES"},"content":{"rendered":"<p>Le 18 novembre 2024, RADIO AVIVA a organis\u00e9 un plateau dans le cadre du mois de l\u2019ESS sur le th\u00e8me suivant : L&rsquo;\u00c9conomie Sociale et Solidaire, un acteur majeur du d\u00e9veloppement local ! Retrouvez nos intervenants dans ce podcast : <span class=\"notion-enable-hover\" data-token-index=\"1\">Jean SAUTTREAU, pour l\u2019entreprise Boudi ; Anthony LECOSSOIS pour Le Boost ; et Jessica BENEZET de Philtex, le hangar seconde vie.<\/span><!-- notionvc: a4bba4c5-4222-499c-b64e-a06e99733847 --><\/p>\n","protected":false},"author":336,"featured_media":7004,"template":"","tags":[],"podcastfilter":[289],"class_list":["post-9328","podcast","type-podcast","status-publish","has-post-thumbnail","hentry","podcastfilter-cafe-societe"],"_links":{"self":[{"href":"https:\/\/radio-aviva.com\/nimes\/wp-json\/wp\/v2\/podcast\/9328","targetHints":{"allow":["GET"]}}],"collection":[{"href":"https:\/\/radio-aviva.com\/nimes\/wp-json\/wp\/v2\/podcast"}],"about":[{"href":"https:\/\/radio-aviva.com\/nimes\/wp-json\/wp\/v2\/types\/podcast"}],"author":[{"embeddable":true,"href":"https:\/\/radio-aviva.com\/nimes\/wp-json\/wp\/v2\/users\/336"}],"version-history":[{"count":1,"href":"https:\/\/radio-aviva.com\/nimes\/wp-json\/wp\/v2\/podcast\/9328\/revisions"}],"predecessor-version":[{"id":9329,"href":"https:\/\/radio-aviva.com\/nimes\/wp-json\/wp\/v2\/podcast\/9328\/revisions\/9329"}],"wp:featuredmedia":[{"embeddable":true,"href":"https:\/\/radio-aviva.com\/nimes\/wp-json\/wp\/v2\/media\/7004"}],"wp:attachment":[{"href":"https:\/\/radio-aviva.com\/nimes\/wp-json\/wp\/v2\/media?parent=9328"}],"wp:term":[{"taxonomy":"post_tag","embeddable":true,"href":"https:\/\/radio-aviva.com\/nimes\/wp-json\/wp\/v2\/tags?post=9328"},{"taxonomy":"podcastfilter","embeddable":true,"href":"https:\/\/radio-aviva.com\/nimes\/wp-json\/wp\/v2\/podcastfilter?post=9328"}],"curies":[{"name":"wp","href":"https:\/\/api.w.org\/{rel}","templated":true}]}}

<p>Le 18 novembre 2024, RADIO AVIVA a organisé un plateau dans le cadre du mois de l’ESS sur le thème suivant : L&rsquo;Économie Sociale et Solidaire, un acteur majeur du développement local ! Retrouvez nos intervenants dans ce podcast : <span class="notion-enable-hover" data-token-index="1">Jean SAUTTREAU, pour l’entreprise Boudi ; Anthony LECOSSOIS pour Le Boost ; et Jessica BENEZET de Philtex, le hangar seconde vie.</span><!-- notionvc: a4bba4c5-4222-499c-b64e-a06e99733847 --></p>
