{"id":9338,"date":"2024-11-26T11:46:11","date_gmt":"2024-11-26T10:46:11","guid":{"rendered":"https:\/\/radio-aviva.com\/nimes\/?post_type=podcast&#038;p=9338"},"modified":"2024-11-26T11:47:04","modified_gmt":"2024-11-26T10:47:04","slug":"adopte-un-arbre-katy-guyot","status":"publish","type":"podcast","link":"https:\/\/radio-aviva.com\/nimes\/podcast\/adopte-un-arbre-katy-guyot\/","title":{"rendered":"Adopte un arbre &#8211; Katy GUYOT"},"content":{"rendered":"<p>Katy GUYOT, conseill\u00e8re \u00e0 la transition \u00e9cologique et \u00e0 l\u2019environnement \u00e0 Vauvert nous parle de l\u2019action men\u00e9e par la commune : \u201cJ\u2019adopte un arbre\u201d. Action visant \u00e0 offrir aux citoyens un arbre \u00e0 planter, dans un jardin public ou chez soi.<\/p>\n","protected":false},"author":336,"featured_media":8550,"template":"","tags":[],"podcastfilter":[30],"class_list":["post-9338","podcast","type-podcast","status-publish","has-post-thumbnail","hentry","podcastfilter-linvite-de-la-redaction"],"_links":{"self":[{"href":"https:\/\/radio-aviva.com\/nimes\/wp-json\/wp\/v2\/podcast\/9338","targetHints":{"allow":["GET"]}}],"collection":[{"href":"https:\/\/radio-aviva.com\/nimes\/wp-json\/wp\/v2\/podcast"}],"about":[{"href":"https:\/\/radio-aviva.com\/nimes\/wp-json\/wp\/v2\/types\/podcast"}],"author":[{"embeddable":true,"href":"https:\/\/radio-aviva.com\/nimes\/wp-json\/wp\/v2\/users\/336"}],"version-history":[{"count":2,"href":"https:\/\/radio-aviva.com\/nimes\/wp-json\/wp\/v2\/podcast\/9338\/revisions"}],"predecessor-version":[{"id":9340,"href":"https:\/\/radio-aviva.com\/nimes\/wp-json\/wp\/v2\/podcast\/9338\/revisions\/9340"}],"wp:featuredmedia":[{"embeddable":true,"href":"https:\/\/radio-aviva.com\/nimes\/wp-json\/wp\/v2\/media\/8550"}],"wp:attachment":[{"href":"https:\/\/radio-aviva.com\/nimes\/wp-json\/wp\/v2\/media?parent=9338"}],"wp:term":[{"taxonomy":"post_tag","embeddable":true,"href":"https:\/\/radio-aviva.com\/nimes\/wp-json\/wp\/v2\/tags?post=9338"},{"taxonomy":"podcastfilter","embeddable":true,"href":"https:\/\/radio-aviva.com\/nimes\/wp-json\/wp\/v2\/podcastfilter?post=9338"}],"curies":[{"name":"wp","href":"https:\/\/api.w.org\/{rel}","templated":true}]}}

<p>Katy GUYOT, conseillère à la transition écologique et à l’environnement à Vauvert nous parle de l’action menée par la commune : “J’adopte un arbre”. Action visant à offrir aux citoyens un arbre à planter, dans un jardin public ou chez soi.</p>
