{"id":9352,"date":"2024-11-29T11:49:16","date_gmt":"2024-11-29T10:49:16","guid":{"rendered":"https:\/\/radio-aviva.com\/nimes\/?post_type=podcast&#038;p=9352"},"modified":"2024-11-29T11:51:18","modified_gmt":"2024-11-29T10:51:18","slug":"la-dynamo-jenny-bernard","status":"publish","type":"podcast","link":"https:\/\/radio-aviva.com\/nimes\/podcast\/la-dynamo-jenny-bernard\/","title":{"rendered":"La Dynamo &#8211; Jenny BERNARD"},"content":{"rendered":"<p><span class=\"notion-enable-hover\" data-token-index=\"0\">Jenny Bernard<\/span>, membre de <span class=\"notion-enable-hover\" data-token-index=\"2\">La Dynamo<\/span>, cr\u00e9\u00e9e en 2022, parle de l&rsquo;impact de l&rsquo;association sur le quartier Hoche-Sernam. Elle \u00e9voque le succ\u00e8s du <span class=\"notion-enable-hover\" data-token-index=\"4\">Fest\u2019Hoche<\/span>, des <span class=\"notion-enable-hover\" data-token-index=\"6\">Ap\u00e9ros de la Dynamo<\/span> pour renforcer les liens sociaux, et la <span class=\"notion-enable-hover\" data-token-index=\"8\">Disco-Soupe<\/span> solidaire. L\u2019association soutient la transition \u00e9cologique avec un projet de <span class=\"notion-enable-hover\" data-token-index=\"10\">march\u00e9 local<\/span> et un projet de <span class=\"notion-enable-hover\" data-token-index=\"12\">compostage<\/span>, tout en cherchant un <span class=\"notion-enable-hover\" data-token-index=\"14\">nouveau lieu de rencontre<\/span> et en d\u00e9veloppant des <span class=\"notion-enable-hover\" data-token-index=\"16\">partenariats locaux<\/span>. Les projets futurs visent \u00e0 renforcer l&rsquo;engagement et la coh\u00e9sion du quartier.<!-- notionvc: f33369a7-3ab4-4661-a66d-0e80d869c327 --><\/p>\n","protected":false},"author":336,"featured_media":6891,"template":"","tags":[],"podcastfilter":[2],"class_list":["post-9352","podcast","type-podcast","status-publish","has-post-thumbnail","hentry","podcastfilter-la-voix-des-assos"],"_links":{"self":[{"href":"https:\/\/radio-aviva.com\/nimes\/wp-json\/wp\/v2\/podcast\/9352","targetHints":{"allow":["GET"]}}],"collection":[{"href":"https:\/\/radio-aviva.com\/nimes\/wp-json\/wp\/v2\/podcast"}],"about":[{"href":"https:\/\/radio-aviva.com\/nimes\/wp-json\/wp\/v2\/types\/podcast"}],"author":[{"embeddable":true,"href":"https:\/\/radio-aviva.com\/nimes\/wp-json\/wp\/v2\/users\/336"}],"version-history":[{"count":1,"href":"https:\/\/radio-aviva.com\/nimes\/wp-json\/wp\/v2\/podcast\/9352\/revisions"}],"predecessor-version":[{"id":9353,"href":"https:\/\/radio-aviva.com\/nimes\/wp-json\/wp\/v2\/podcast\/9352\/revisions\/9353"}],"wp:featuredmedia":[{"embeddable":true,"href":"https:\/\/radio-aviva.com\/nimes\/wp-json\/wp\/v2\/media\/6891"}],"wp:attachment":[{"href":"https:\/\/radio-aviva.com\/nimes\/wp-json\/wp\/v2\/media?parent=9352"}],"wp:term":[{"taxonomy":"post_tag","embeddable":true,"href":"https:\/\/radio-aviva.com\/nimes\/wp-json\/wp\/v2\/tags?post=9352"},{"taxonomy":"podcastfilter","embeddable":true,"href":"https:\/\/radio-aviva.com\/nimes\/wp-json\/wp\/v2\/podcastfilter?post=9352"}],"curies":[{"name":"wp","href":"https:\/\/api.w.org\/{rel}","templated":true}]}}

<p><span class="notion-enable-hover" data-token-index="0">Jenny Bernard</span>, membre de <span class="notion-enable-hover" data-token-index="2">La Dynamo</span>, créée en 2022, parle de l&rsquo;impact de l&rsquo;association sur le quartier Hoche-Sernam. Elle évoque le succès du <span class="notion-enable-hover" data-token-index="4">Fest’Hoche</span>, des <span class="notion-enable-hover" data-token-index="6">Apéros de la Dynamo</span> pour renforcer les liens sociaux, et la <span class="notion-enable-hover" data-token-index="8">Disco-Soupe</span> solidaire. L’association soutient la transition écologique avec un projet de <span class="notion-enable-hover" data-token-index="10">marché local</span> et un projet de <span class="notion-enable-hover" data-token-index="12">compostage</span>, tout en cherchant un <span class="notion-enable-hover" data-token-index="14">nouveau lieu de rencontre</span> et en développant des <span class="notion-enable-hover" data-token-index="16">partenariats locaux</span>. Les projets futurs visent à renforcer l&rsquo;engagement et la cohésion du quartier.<!-- notionvc: f33369a7-3ab4-4661-a66d-0e80d869c327 --></p>
