{"id":9356,"date":"2024-12-04T11:18:13","date_gmt":"2024-12-04T10:18:13","guid":{"rendered":"https:\/\/radio-aviva.com\/nimes\/?post_type=podcast&#038;p=9356"},"modified":"2024-12-04T11:18:38","modified_gmt":"2024-12-04T10:18:38","slug":"3eme-edition-du-relais-lezitrail-julie-nougaret-presidente-de-la-course","status":"publish","type":"podcast","link":"https:\/\/radio-aviva.com\/nimes\/podcast\/3eme-edition-du-relais-lezitrail-julie-nougaret-presidente-de-la-course\/","title":{"rendered":"3eme \u00e9dition du Relais Lezitrail &#8211; Julie NOUGARET, Pr\u00e9sidente de la course"},"content":{"rendered":"<p>Dans ce nouvel \u00e9pisode de l&rsquo;invit\u00e9 sportif, Sydney Biton re\u00e7oit Julie Nougaret, pr\u00e9sidente du Lezitrail, venue vous parler de cette course qui aura lieu le Samedi 07 d\u00e9cembre 2024 \u00e0 Tourbes.<\/p>\n","protected":false},"author":1,"featured_media":9357,"template":"","tags":[],"podcastfilter":[310,174,132,5,145,19],"class_list":["post-9356","podcast","type-podcast","status-publish","has-post-thumbnail","hentry","podcastfilter-herault","podcastfilter-linvite-sportif","podcastfilter-montpellier","podcastfilter-nimes","podcastfilter-perpignan","podcastfilter-sport"],"_links":{"self":[{"href":"https:\/\/radio-aviva.com\/nimes\/wp-json\/wp\/v2\/podcast\/9356","targetHints":{"allow":["GET"]}}],"collection":[{"href":"https:\/\/radio-aviva.com\/nimes\/wp-json\/wp\/v2\/podcast"}],"about":[{"href":"https:\/\/radio-aviva.com\/nimes\/wp-json\/wp\/v2\/types\/podcast"}],"author":[{"embeddable":true,"href":"https:\/\/radio-aviva.com\/nimes\/wp-json\/wp\/v2\/users\/1"}],"version-history":[{"count":1,"href":"https:\/\/radio-aviva.com\/nimes\/wp-json\/wp\/v2\/podcast\/9356\/revisions"}],"predecessor-version":[{"id":9358,"href":"https:\/\/radio-aviva.com\/nimes\/wp-json\/wp\/v2\/podcast\/9356\/revisions\/9358"}],"wp:featuredmedia":[{"embeddable":true,"href":"https:\/\/radio-aviva.com\/nimes\/wp-json\/wp\/v2\/media\/9357"}],"wp:attachment":[{"href":"https:\/\/radio-aviva.com\/nimes\/wp-json\/wp\/v2\/media?parent=9356"}],"wp:term":[{"taxonomy":"post_tag","embeddable":true,"href":"https:\/\/radio-aviva.com\/nimes\/wp-json\/wp\/v2\/tags?post=9356"},{"taxonomy":"podcastfilter","embeddable":true,"href":"https:\/\/radio-aviva.com\/nimes\/wp-json\/wp\/v2\/podcastfilter?post=9356"}],"curies":[{"name":"wp","href":"https:\/\/api.w.org\/{rel}","templated":true}]}}

3eme édition du Relais Lezitrail &#8211; Julie NOUGARET, Présidente de la course

<p>Dans ce nouvel épisode de l&rsquo;invité sportif, Sydney Biton reçoit Julie Nougaret, présidente du Lezitrail, venue vous parler de cette course qui aura lieu le Samedi 07 décembre 2024 à Tourbes.</p>
