{"id":9374,"date":"2024-12-13T16:40:12","date_gmt":"2024-12-13T15:40:12","guid":{"rendered":"https:\/\/radio-aviva.com\/nimes\/?post_type=podcast&#038;p=9374"},"modified":"2024-12-13T16:40:12","modified_gmt":"2024-12-13T15:40:12","slug":"camargue-unesco-veronique-jullian","status":"publish","type":"podcast","link":"https:\/\/radio-aviva.com\/nimes\/podcast\/camargue-unesco-veronique-jullian\/","title":{"rendered":"Camargue UNESCO &#8211; V\u00e9ronique JULLIAN"},"content":{"rendered":"<p>V\u00e9ronique JULLIAN, vice pr\u00e9sidente de l\u2019association la Camargue a l&rsquo;Unesco est venue nous pr\u00e9senter leur projet de porter ce territoire dans l\u2019obtention de ce label pour les ann\u00e9es a venir.<\/p>\n","protected":false},"author":336,"featured_media":6891,"template":"","tags":[],"podcastfilter":[2],"class_list":["post-9374","podcast","type-podcast","status-publish","has-post-thumbnail","hentry","podcastfilter-la-voix-des-assos"],"_links":{"self":[{"href":"https:\/\/radio-aviva.com\/nimes\/wp-json\/wp\/v2\/podcast\/9374","targetHints":{"allow":["GET"]}}],"collection":[{"href":"https:\/\/radio-aviva.com\/nimes\/wp-json\/wp\/v2\/podcast"}],"about":[{"href":"https:\/\/radio-aviva.com\/nimes\/wp-json\/wp\/v2\/types\/podcast"}],"author":[{"embeddable":true,"href":"https:\/\/radio-aviva.com\/nimes\/wp-json\/wp\/v2\/users\/336"}],"version-history":[{"count":1,"href":"https:\/\/radio-aviva.com\/nimes\/wp-json\/wp\/v2\/podcast\/9374\/revisions"}],"predecessor-version":[{"id":9375,"href":"https:\/\/radio-aviva.com\/nimes\/wp-json\/wp\/v2\/podcast\/9374\/revisions\/9375"}],"wp:featuredmedia":[{"embeddable":true,"href":"https:\/\/radio-aviva.com\/nimes\/wp-json\/wp\/v2\/media\/6891"}],"wp:attachment":[{"href":"https:\/\/radio-aviva.com\/nimes\/wp-json\/wp\/v2\/media?parent=9374"}],"wp:term":[{"taxonomy":"post_tag","embeddable":true,"href":"https:\/\/radio-aviva.com\/nimes\/wp-json\/wp\/v2\/tags?post=9374"},{"taxonomy":"podcastfilter","embeddable":true,"href":"https:\/\/radio-aviva.com\/nimes\/wp-json\/wp\/v2\/podcastfilter?post=9374"}],"curies":[{"name":"wp","href":"https:\/\/api.w.org\/{rel}","templated":true}]}}

Camargue UNESCO &#8211; Véronique JULLIAN

<p>Véronique JULLIAN, vice présidente de l’association la Camargue a l&rsquo;Unesco est venue nous présenter leur projet de porter ce territoire dans l’obtention de ce label pour les années a venir.</p>
