{"id":9414,"date":"2025-01-31T11:52:56","date_gmt":"2025-01-31T10:52:56","guid":{"rendered":"https:\/\/radio-aviva.com\/nimes\/?post_type=podcast&#038;p=9414"},"modified":"2025-01-31T11:53:57","modified_gmt":"2025-01-31T10:53:57","slug":"programmation-theatre-populaire-nimes-gerard-cardonnet","status":"publish","type":"podcast","link":"https:\/\/radio-aviva.com\/nimes\/podcast\/programmation-theatre-populaire-nimes-gerard-cardonnet\/","title":{"rendered":"Programmation Th\u00e9\u00e2tre Populaire N\u00eemes &#8211; G\u00e9rard CARDONNET"},"content":{"rendered":"<p>Dans cette \u00e9mission, nous recevons G\u00e9rard Cardonnet, pr\u00e9sident de l\u2019ATP, qui vient pr\u00e9senter leur spectacle du 19 janvier et celui du 29 janvier au 2 f\u00e9vrier.<\/p>\n","protected":false},"author":336,"featured_media":6782,"template":"","tags":[],"podcastfilter":[171],"class_list":["post-9414","podcast","type-podcast","status-publish","has-post-thumbnail","hentry","podcastfilter-culture-compagnie"],"_links":{"self":[{"href":"https:\/\/radio-aviva.com\/nimes\/wp-json\/wp\/v2\/podcast\/9414","targetHints":{"allow":["GET"]}}],"collection":[{"href":"https:\/\/radio-aviva.com\/nimes\/wp-json\/wp\/v2\/podcast"}],"about":[{"href":"https:\/\/radio-aviva.com\/nimes\/wp-json\/wp\/v2\/types\/podcast"}],"author":[{"embeddable":true,"href":"https:\/\/radio-aviva.com\/nimes\/wp-json\/wp\/v2\/users\/336"}],"version-history":[{"count":1,"href":"https:\/\/radio-aviva.com\/nimes\/wp-json\/wp\/v2\/podcast\/9414\/revisions"}],"predecessor-version":[{"id":9415,"href":"https:\/\/radio-aviva.com\/nimes\/wp-json\/wp\/v2\/podcast\/9414\/revisions\/9415"}],"wp:featuredmedia":[{"embeddable":true,"href":"https:\/\/radio-aviva.com\/nimes\/wp-json\/wp\/v2\/media\/6782"}],"wp:attachment":[{"href":"https:\/\/radio-aviva.com\/nimes\/wp-json\/wp\/v2\/media?parent=9414"}],"wp:term":[{"taxonomy":"post_tag","embeddable":true,"href":"https:\/\/radio-aviva.com\/nimes\/wp-json\/wp\/v2\/tags?post=9414"},{"taxonomy":"podcastfilter","embeddable":true,"href":"https:\/\/radio-aviva.com\/nimes\/wp-json\/wp\/v2\/podcastfilter?post=9414"}],"curies":[{"name":"wp","href":"https:\/\/api.w.org\/{rel}","templated":true}]}}

Programmation Théâtre Populaire Nîmes &#8211; Gérard CARDONNET

<p>Dans cette émission, nous recevons Gérard Cardonnet, président de l’ATP, qui vient présenter leur spectacle du 19 janvier et celui du 29 janvier au 2 février.</p>
