{"id":9416,"date":"2025-01-31T12:32:22","date_gmt":"2025-01-31T11:32:22","guid":{"rendered":"https:\/\/radio-aviva.com\/nimes\/?post_type=podcast&#038;p=9416"},"modified":"2025-02-19T13:57:25","modified_gmt":"2025-02-19T12:57:25","slug":"programmation-theatre-populaire-nimes-mars-gerard-cardonnet","status":"publish","type":"podcast","link":"https:\/\/radio-aviva.com\/nimes\/podcast\/programmation-theatre-populaire-nimes-mars-gerard-cardonnet\/","title":{"rendered":"Programmation Th\u00e9\u00e2tre Populaire N\u00eemes Mars &#8211; G\u00e9rard CARDONNET"},"content":{"rendered":"<p>Dans cette \u00e9mission, nous recevons G\u00e9rard Cardonnet, pr\u00e9sident de l\u2019ATP, qui vient pr\u00e9senter la programmation du Th\u00e9\u00e2tre jusqu\u2019au mois de Mars.<\/p>\n","protected":false},"author":336,"featured_media":6750,"template":"","tags":[],"podcastfilter":[26],"class_list":["post-9416","podcast","type-podcast","status-publish","has-post-thumbnail","hentry","podcastfilter-entract"],"_links":{"self":[{"href":"https:\/\/radio-aviva.com\/nimes\/wp-json\/wp\/v2\/podcast\/9416","targetHints":{"allow":["GET"]}}],"collection":[{"href":"https:\/\/radio-aviva.com\/nimes\/wp-json\/wp\/v2\/podcast"}],"about":[{"href":"https:\/\/radio-aviva.com\/nimes\/wp-json\/wp\/v2\/types\/podcast"}],"author":[{"embeddable":true,"href":"https:\/\/radio-aviva.com\/nimes\/wp-json\/wp\/v2\/users\/336"}],"version-history":[{"count":1,"href":"https:\/\/radio-aviva.com\/nimes\/wp-json\/wp\/v2\/podcast\/9416\/revisions"}],"predecessor-version":[{"id":9417,"href":"https:\/\/radio-aviva.com\/nimes\/wp-json\/wp\/v2\/podcast\/9416\/revisions\/9417"}],"wp:featuredmedia":[{"embeddable":true,"href":"https:\/\/radio-aviva.com\/nimes\/wp-json\/wp\/v2\/media\/6750"}],"wp:attachment":[{"href":"https:\/\/radio-aviva.com\/nimes\/wp-json\/wp\/v2\/media?parent=9416"}],"wp:term":[{"taxonomy":"post_tag","embeddable":true,"href":"https:\/\/radio-aviva.com\/nimes\/wp-json\/wp\/v2\/tags?post=9416"},{"taxonomy":"podcastfilter","embeddable":true,"href":"https:\/\/radio-aviva.com\/nimes\/wp-json\/wp\/v2\/podcastfilter?post=9416"}],"curies":[{"name":"wp","href":"https:\/\/api.w.org\/{rel}","templated":true}]}}

Programmation Théâtre Populaire Nîmes Mars &#8211; Gérard CARDONNET

<p>Dans cette émission, nous recevons Gérard Cardonnet, président de l’ATP, qui vient présenter la programmation du Théâtre jusqu’au mois de Mars.</p>
