{"id":9451,"date":"2025-02-12T16:02:31","date_gmt":"2025-02-12T15:02:31","guid":{"rendered":"https:\/\/radio-aviva.com\/nimes\/?post_type=podcast&#038;p=9451"},"modified":"2025-02-12T16:02:31","modified_gmt":"2025-02-12T15:02:31","slug":"nimes-sport-sante-christophe-martinez","status":"publish","type":"podcast","link":"https:\/\/radio-aviva.com\/nimes\/podcast\/nimes-sport-sante-christophe-martinez\/","title":{"rendered":"N\u00eemes Sport Sant\u00e9 &#8211; Christophe MARTINEZ"},"content":{"rendered":"<p><span class=\"notion-enable-hover\" data-token-index=\"0\">Comment bien vivre sa retraite gr\u00e2ce au sport ?<\/span> N\u00eemes Sport Sant\u00e9 lance <span class=\"notion-enable-hover\" data-token-index=\"2\">Cap\u2019Retraite<\/span>, un programme gratuit pour aider les futurs et jeunes retrait\u00e9s \u00e0 rester actifs et pr\u00e9server leur bien-\u00eatre. Christophe Martinez, pr\u00e9sident de l\u2019association, nous explique comment ce dispositif favorise la sant\u00e9 et le lien social.<!-- notionvc: 2c011a9e-3306-4734-8787-6635552dbed8 --><\/p>\n","protected":false},"author":334,"featured_media":8550,"template":"","tags":[],"podcastfilter":[30],"class_list":["post-9451","podcast","type-podcast","status-publish","has-post-thumbnail","hentry","podcastfilter-linvite-de-la-redaction"],"_links":{"self":[{"href":"https:\/\/radio-aviva.com\/nimes\/wp-json\/wp\/v2\/podcast\/9451","targetHints":{"allow":["GET"]}}],"collection":[{"href":"https:\/\/radio-aviva.com\/nimes\/wp-json\/wp\/v2\/podcast"}],"about":[{"href":"https:\/\/radio-aviva.com\/nimes\/wp-json\/wp\/v2\/types\/podcast"}],"author":[{"embeddable":true,"href":"https:\/\/radio-aviva.com\/nimes\/wp-json\/wp\/v2\/users\/334"}],"version-history":[{"count":1,"href":"https:\/\/radio-aviva.com\/nimes\/wp-json\/wp\/v2\/podcast\/9451\/revisions"}],"predecessor-version":[{"id":9452,"href":"https:\/\/radio-aviva.com\/nimes\/wp-json\/wp\/v2\/podcast\/9451\/revisions\/9452"}],"wp:featuredmedia":[{"embeddable":true,"href":"https:\/\/radio-aviva.com\/nimes\/wp-json\/wp\/v2\/media\/8550"}],"wp:attachment":[{"href":"https:\/\/radio-aviva.com\/nimes\/wp-json\/wp\/v2\/media?parent=9451"}],"wp:term":[{"taxonomy":"post_tag","embeddable":true,"href":"https:\/\/radio-aviva.com\/nimes\/wp-json\/wp\/v2\/tags?post=9451"},{"taxonomy":"podcastfilter","embeddable":true,"href":"https:\/\/radio-aviva.com\/nimes\/wp-json\/wp\/v2\/podcastfilter?post=9451"}],"curies":[{"name":"wp","href":"https:\/\/api.w.org\/{rel}","templated":true}]}}

Nîmes Sport Santé &#8211; Christophe MARTINEZ

<p><span class="notion-enable-hover" data-token-index="0">Comment bien vivre sa retraite grâce au sport ?</span> Nîmes Sport Santé lance <span class="notion-enable-hover" data-token-index="2">Cap’Retraite</span>, un programme gratuit pour aider les futurs et jeunes retraités à rester actifs et préserver leur bien-être. Christophe Martinez, président de l’association, nous explique comment ce dispositif favorise la santé et le lien social.<!-- notionvc: 2c011a9e-3306-4734-8787-6635552dbed8 --></p>
