{"id":9457,"date":"2025-02-13T11:21:55","date_gmt":"2025-02-13T10:21:55","guid":{"rendered":"https:\/\/radio-aviva.com\/nimes\/?post_type=podcast&#038;p=9457"},"modified":"2025-02-13T11:22:58","modified_gmt":"2025-02-13T10:22:58","slug":"la-rentree-2025-dans-le-gard-sophie-bejean","status":"publish","type":"podcast","link":"https:\/\/radio-aviva.com\/nimes\/podcast\/la-rentree-2025-dans-le-gard-sophie-bejean\/","title":{"rendered":"La rentr\u00e9e 2025 dans le Gard &#8211; Sophie BEJEAN"},"content":{"rendered":"<p>Sophie BEJEAN, rectrice de l\u2019acad\u00e9mie de Montpellier, est au micro de Radio AVIVA pour pr\u00e9senter la rentr\u00e9e scolaire de 2025.<\/p>\n","protected":false},"author":334,"featured_media":8550,"template":"","tags":[],"podcastfilter":[30],"class_list":["post-9457","podcast","type-podcast","status-publish","has-post-thumbnail","hentry","podcastfilter-linvite-de-la-redaction"],"_links":{"self":[{"href":"https:\/\/radio-aviva.com\/nimes\/wp-json\/wp\/v2\/podcast\/9457","targetHints":{"allow":["GET"]}}],"collection":[{"href":"https:\/\/radio-aviva.com\/nimes\/wp-json\/wp\/v2\/podcast"}],"about":[{"href":"https:\/\/radio-aviva.com\/nimes\/wp-json\/wp\/v2\/types\/podcast"}],"author":[{"embeddable":true,"href":"https:\/\/radio-aviva.com\/nimes\/wp-json\/wp\/v2\/users\/334"}],"version-history":[{"count":2,"href":"https:\/\/radio-aviva.com\/nimes\/wp-json\/wp\/v2\/podcast\/9457\/revisions"}],"predecessor-version":[{"id":9459,"href":"https:\/\/radio-aviva.com\/nimes\/wp-json\/wp\/v2\/podcast\/9457\/revisions\/9459"}],"wp:featuredmedia":[{"embeddable":true,"href":"https:\/\/radio-aviva.com\/nimes\/wp-json\/wp\/v2\/media\/8550"}],"wp:attachment":[{"href":"https:\/\/radio-aviva.com\/nimes\/wp-json\/wp\/v2\/media?parent=9457"}],"wp:term":[{"taxonomy":"post_tag","embeddable":true,"href":"https:\/\/radio-aviva.com\/nimes\/wp-json\/wp\/v2\/tags?post=9457"},{"taxonomy":"podcastfilter","embeddable":true,"href":"https:\/\/radio-aviva.com\/nimes\/wp-json\/wp\/v2\/podcastfilter?post=9457"}],"curies":[{"name":"wp","href":"https:\/\/api.w.org\/{rel}","templated":true}]}}

La rentrée 2025 dans le Gard &#8211; Sophie BEJEAN

<p>Sophie BEJEAN, rectrice de l’académie de Montpellier, est au micro de Radio AVIVA pour présenter la rentrée scolaire de 2025.</p>
