{"id":9461,"date":"2025-02-19T11:42:53","date_gmt":"2025-02-19T10:42:53","guid":{"rendered":"https:\/\/radio-aviva.com\/nimes\/?post_type=podcast&#038;p=9461"},"modified":"2025-02-19T11:42:53","modified_gmt":"2025-02-19T10:42:53","slug":"match-france-maroc-league-xiii-younes-khattabi","status":"publish","type":"podcast","link":"https:\/\/radio-aviva.com\/nimes\/podcast\/match-france-maroc-league-xiii-younes-khattabi\/","title":{"rendered":"Match France \/ Maroc (League XIII) &#8211; Youn\u00e8s KHATTABI"},"content":{"rendered":"<p>Dans le cadre de Rugby League XIII, Avignon accueille France \/ Maroc. Avant ce match disput\u00e9 le samedi 22 f\u00e9vrier, \u00e0 17 heures, les enjeux sont pr\u00e9sent\u00e9s par Youn\u00e8s KHATTABI, pr\u00e9sident du Sporting Olympique Avignon WIII.<\/p>\n","protected":false},"author":336,"featured_media":8550,"template":"","tags":[],"podcastfilter":[30],"class_list":["post-9461","podcast","type-podcast","status-publish","has-post-thumbnail","hentry","podcastfilter-linvite-de-la-redaction"],"_links":{"self":[{"href":"https:\/\/radio-aviva.com\/nimes\/wp-json\/wp\/v2\/podcast\/9461","targetHints":{"allow":["GET"]}}],"collection":[{"href":"https:\/\/radio-aviva.com\/nimes\/wp-json\/wp\/v2\/podcast"}],"about":[{"href":"https:\/\/radio-aviva.com\/nimes\/wp-json\/wp\/v2\/types\/podcast"}],"author":[{"embeddable":true,"href":"https:\/\/radio-aviva.com\/nimes\/wp-json\/wp\/v2\/users\/336"}],"version-history":[{"count":1,"href":"https:\/\/radio-aviva.com\/nimes\/wp-json\/wp\/v2\/podcast\/9461\/revisions"}],"predecessor-version":[{"id":9462,"href":"https:\/\/radio-aviva.com\/nimes\/wp-json\/wp\/v2\/podcast\/9461\/revisions\/9462"}],"wp:featuredmedia":[{"embeddable":true,"href":"https:\/\/radio-aviva.com\/nimes\/wp-json\/wp\/v2\/media\/8550"}],"wp:attachment":[{"href":"https:\/\/radio-aviva.com\/nimes\/wp-json\/wp\/v2\/media?parent=9461"}],"wp:term":[{"taxonomy":"post_tag","embeddable":true,"href":"https:\/\/radio-aviva.com\/nimes\/wp-json\/wp\/v2\/tags?post=9461"},{"taxonomy":"podcastfilter","embeddable":true,"href":"https:\/\/radio-aviva.com\/nimes\/wp-json\/wp\/v2\/podcastfilter?post=9461"}],"curies":[{"name":"wp","href":"https:\/\/api.w.org\/{rel}","templated":true}]}}

Match France / Maroc (League XIII) &#8211; Younès KHATTABI

<p>Dans le cadre de Rugby League XIII, Avignon accueille France / Maroc. Avant ce match disputé le samedi 22 février, à 17 heures, les enjeux sont présentés par Younès KHATTABI, président du Sporting Olympique Avignon WIII.</p>
