{"id":9471,"date":"2025-02-25T13:52:49","date_gmt":"2025-02-25T12:52:49","guid":{"rendered":"https:\/\/radio-aviva.com\/nimes\/?post_type=podcast&#038;p=9471"},"modified":"2025-02-25T13:53:08","modified_gmt":"2025-02-25T12:53:08","slug":"maison-mobile-de-lorientation-carole-bizet-christelle-roland","status":"publish","type":"podcast","link":"https:\/\/radio-aviva.com\/nimes\/podcast\/maison-mobile-de-lorientation-carole-bizet-christelle-roland\/","title":{"rendered":"Maison mobile de l&rsquo;Orientation &#8211; Carole BIZET &amp; Christelle ROLAND"},"content":{"rendered":"<p>La maison de l\u2019orientation de Montpellier met en place depuis 2022 des permanences dans les villes et villages de l\u2019Occitanie \u00e0 l\u2019aide d\u2019une maison mobile de l\u2019orientation. L\u2019\u00e9quipe de Radio Aviva est all\u00e9e \u00e0 Uz\u00e8s \u00e0 la rencontre de Carol Bizet pour vous en parler.<\/p>\n","protected":false},"author":336,"featured_media":8550,"template":"","tags":[],"podcastfilter":[30],"class_list":["post-9471","podcast","type-podcast","status-publish","has-post-thumbnail","hentry","podcastfilter-linvite-de-la-redaction"],"_links":{"self":[{"href":"https:\/\/radio-aviva.com\/nimes\/wp-json\/wp\/v2\/podcast\/9471","targetHints":{"allow":["GET"]}}],"collection":[{"href":"https:\/\/radio-aviva.com\/nimes\/wp-json\/wp\/v2\/podcast"}],"about":[{"href":"https:\/\/radio-aviva.com\/nimes\/wp-json\/wp\/v2\/types\/podcast"}],"author":[{"embeddable":true,"href":"https:\/\/radio-aviva.com\/nimes\/wp-json\/wp\/v2\/users\/336"}],"version-history":[{"count":1,"href":"https:\/\/radio-aviva.com\/nimes\/wp-json\/wp\/v2\/podcast\/9471\/revisions"}],"predecessor-version":[{"id":9472,"href":"https:\/\/radio-aviva.com\/nimes\/wp-json\/wp\/v2\/podcast\/9471\/revisions\/9472"}],"wp:featuredmedia":[{"embeddable":true,"href":"https:\/\/radio-aviva.com\/nimes\/wp-json\/wp\/v2\/media\/8550"}],"wp:attachment":[{"href":"https:\/\/radio-aviva.com\/nimes\/wp-json\/wp\/v2\/media?parent=9471"}],"wp:term":[{"taxonomy":"post_tag","embeddable":true,"href":"https:\/\/radio-aviva.com\/nimes\/wp-json\/wp\/v2\/tags?post=9471"},{"taxonomy":"podcastfilter","embeddable":true,"href":"https:\/\/radio-aviva.com\/nimes\/wp-json\/wp\/v2\/podcastfilter?post=9471"}],"curies":[{"name":"wp","href":"https:\/\/api.w.org\/{rel}","templated":true}]}}

<p>La maison de l’orientation de Montpellier met en place depuis 2022 des permanences dans les villes et villages de l’Occitanie à l’aide d’une maison mobile de l’orientation. L’équipe de Radio Aviva est allée à Uzès à la rencontre de Carol Bizet pour vous en parler.</p>
