{"id":9501,"date":"2025-03-05T10:47:58","date_gmt":"2025-03-05T09:47:58","guid":{"rendered":"https:\/\/radio-aviva.com\/nimes\/?post_type=podcast&#038;p=9501"},"modified":"2025-03-05T10:48:22","modified_gmt":"2025-03-05T09:48:22","slug":"special-15-ans-de-toutes-en-moto-occitania-nadege-nedorezoff","status":"publish","type":"podcast","link":"https:\/\/radio-aviva.com\/nimes\/podcast\/special-15-ans-de-toutes-en-moto-occitania-nadege-nedorezoff\/","title":{"rendered":"Sp\u00e9cial 15 ans de Toutes en Moto Occitania &#8211; Nad\u00e8ge NEDOREZOFF"},"content":{"rendered":"<p>Dans cette \u00e9mission, <em><span class=\"notion-enable-hover\" data-token-index=\"1\">Toutes en Moto &#8211; Occitania<\/span> <\/em>nous pr\u00e9sente son rassemblement solidaire du 9 mars \u00e0 Bouillargues. Nad\u00e8ge N\u00e9dor\u00e9zoff revient sur l\u2019histoire de l\u2019\u00e9v\u00e9nement, son engagement pour les femmes victimes de violences et les moments forts de cette journ\u00e9e festive. <!-- notionvc: 4a07f68c-d5ef-4d67-87eb-fc7f4b93fd54 --><\/p>\n","protected":false},"author":336,"featured_media":8550,"template":"","tags":[],"podcastfilter":[30],"class_list":["post-9501","podcast","type-podcast","status-publish","has-post-thumbnail","hentry","podcastfilter-linvite-de-la-redaction"],"_links":{"self":[{"href":"https:\/\/radio-aviva.com\/nimes\/wp-json\/wp\/v2\/podcast\/9501","targetHints":{"allow":["GET"]}}],"collection":[{"href":"https:\/\/radio-aviva.com\/nimes\/wp-json\/wp\/v2\/podcast"}],"about":[{"href":"https:\/\/radio-aviva.com\/nimes\/wp-json\/wp\/v2\/types\/podcast"}],"author":[{"embeddable":true,"href":"https:\/\/radio-aviva.com\/nimes\/wp-json\/wp\/v2\/users\/336"}],"version-history":[{"count":2,"href":"https:\/\/radio-aviva.com\/nimes\/wp-json\/wp\/v2\/podcast\/9501\/revisions"}],"predecessor-version":[{"id":9503,"href":"https:\/\/radio-aviva.com\/nimes\/wp-json\/wp\/v2\/podcast\/9501\/revisions\/9503"}],"wp:featuredmedia":[{"embeddable":true,"href":"https:\/\/radio-aviva.com\/nimes\/wp-json\/wp\/v2\/media\/8550"}],"wp:attachment":[{"href":"https:\/\/radio-aviva.com\/nimes\/wp-json\/wp\/v2\/media?parent=9501"}],"wp:term":[{"taxonomy":"post_tag","embeddable":true,"href":"https:\/\/radio-aviva.com\/nimes\/wp-json\/wp\/v2\/tags?post=9501"},{"taxonomy":"podcastfilter","embeddable":true,"href":"https:\/\/radio-aviva.com\/nimes\/wp-json\/wp\/v2\/podcastfilter?post=9501"}],"curies":[{"name":"wp","href":"https:\/\/api.w.org\/{rel}","templated":true}]}}

Spécial 15 ans de Toutes en Moto Occitania &#8211; Nadège NEDOREZOFF

<p>Dans cette émission, <em><span class="notion-enable-hover" data-token-index="1">Toutes en Moto &#8211; Occitania</span> </em>nous présente son rassemblement solidaire du 9 mars à Bouillargues. Nadège Nédorézoff revient sur l’histoire de l’événement, son engagement pour les femmes victimes de violences et les moments forts de cette journée festive. <!-- notionvc: 4a07f68c-d5ef-4d67-87eb-fc7f4b93fd54 --></p>
