{"id":9548,"date":"2025-03-06T12:20:07","date_gmt":"2025-03-06T11:20:07","guid":{"rendered":"https:\/\/radio-aviva.com\/nimes\/?post_type=podcast&#038;p=9548"},"modified":"2025-03-06T12:20:40","modified_gmt":"2025-03-06T11:20:40","slug":"areram-gard-sandrine-botella","status":"publish","type":"podcast","link":"https:\/\/radio-aviva.com\/nimes\/podcast\/areram-gard-sandrine-botella\/","title":{"rendered":"ARERAM Gard &#8211; Sandrine BOTELLA"},"content":{"rendered":"<p>Dans cette \u00e9mission du <em><span class=\"notion-enable-hover\" data-token-index=\"1\">Magazine de la R\u00e9daction<\/span> <\/em>sur Radio Aviva, nous recevons Sandrine Botella, directrice du P\u00f4le ARERAM-Gard. Une association qui accompagne les enfants et jeunes en situation de handicap \u00e0 travers plusieurs structures m\u00e9dico-sociales (IME, CESAD, unit\u00e9s d\u2019enseignement adapt\u00e9es\u2026). L\u2019objectif : favoriser leur autonomie et leur insertion sociale et professionnelle. Elle nous pr\u00e9sente \u00e9galement les projets \u00e0 venir, dont la cr\u00e9ation de nouvelles places et le renforcement des partenariats.<!-- notionvc: f2112ccf-81f8-400f-8f43-488154bab127 --><\/p>\n","protected":false},"author":336,"featured_media":6758,"template":"","tags":[],"podcastfilter":[27],"class_list":["post-9548","podcast","type-podcast","status-publish","has-post-thumbnail","hentry","podcastfilter-le-magazine-de-la-redac"],"_links":{"self":[{"href":"https:\/\/radio-aviva.com\/nimes\/wp-json\/wp\/v2\/podcast\/9548","targetHints":{"allow":["GET"]}}],"collection":[{"href":"https:\/\/radio-aviva.com\/nimes\/wp-json\/wp\/v2\/podcast"}],"about":[{"href":"https:\/\/radio-aviva.com\/nimes\/wp-json\/wp\/v2\/types\/podcast"}],"author":[{"embeddable":true,"href":"https:\/\/radio-aviva.com\/nimes\/wp-json\/wp\/v2\/users\/336"}],"version-history":[{"count":1,"href":"https:\/\/radio-aviva.com\/nimes\/wp-json\/wp\/v2\/podcast\/9548\/revisions"}],"predecessor-version":[{"id":9549,"href":"https:\/\/radio-aviva.com\/nimes\/wp-json\/wp\/v2\/podcast\/9548\/revisions\/9549"}],"wp:featuredmedia":[{"embeddable":true,"href":"https:\/\/radio-aviva.com\/nimes\/wp-json\/wp\/v2\/media\/6758"}],"wp:attachment":[{"href":"https:\/\/radio-aviva.com\/nimes\/wp-json\/wp\/v2\/media?parent=9548"}],"wp:term":[{"taxonomy":"post_tag","embeddable":true,"href":"https:\/\/radio-aviva.com\/nimes\/wp-json\/wp\/v2\/tags?post=9548"},{"taxonomy":"podcastfilter","embeddable":true,"href":"https:\/\/radio-aviva.com\/nimes\/wp-json\/wp\/v2\/podcastfilter?post=9548"}],"curies":[{"name":"wp","href":"https:\/\/api.w.org\/{rel}","templated":true}]}}

<p>Dans cette émission du <em><span class="notion-enable-hover" data-token-index="1">Magazine de la Rédaction</span> </em>sur Radio Aviva, nous recevons Sandrine Botella, directrice du Pôle ARERAM-Gard. Une association qui accompagne les enfants et jeunes en situation de handicap à travers plusieurs structures médico-sociales (IME, CESAD, unités d’enseignement adaptées…). L’objectif : favoriser leur autonomie et leur insertion sociale et professionnelle. Elle nous présente également les projets à venir, dont la création de nouvelles places et le renforcement des partenariats.<!-- notionvc: f2112ccf-81f8-400f-8f43-488154bab127 --></p>
