{"id":9568,"date":"2025-03-14T11:47:20","date_gmt":"2025-03-14T10:47:20","guid":{"rendered":"https:\/\/radio-aviva.com\/nimes\/?post_type=podcast&#038;p=9568"},"modified":"2025-03-14T11:51:47","modified_gmt":"2025-03-14T10:51:47","slug":"le-rotary-et-la-journee-de-prevention-sur-lendometriose-marie-tur","status":"publish","type":"podcast","link":"https:\/\/radio-aviva.com\/nimes\/podcast\/le-rotary-et-la-journee-de-prevention-sur-lendometriose-marie-tur\/","title":{"rendered":"Le Rotary et la journ\u00e9e de pr\u00e9vention sur l&rsquo;endom\u00e9triose &#8211; Marie TUR"},"content":{"rendered":"<p>Dans cette \u00e9mission, Marie Tur, du Rotary N\u00eemes Carr\u00e9 d&rsquo;Art, d\u00e9voile le programme de la journ\u00e9e de la lutte contre l&rsquo;endom\u00e9triose (conf\u00e9rence, gala de danse) qui a lieu ce samedi 15 mars.<\/p>\n","protected":false},"author":336,"featured_media":8550,"template":"","tags":[],"podcastfilter":[30],"class_list":["post-9568","podcast","type-podcast","status-publish","has-post-thumbnail","hentry","podcastfilter-linvite-de-la-redaction"],"_links":{"self":[{"href":"https:\/\/radio-aviva.com\/nimes\/wp-json\/wp\/v2\/podcast\/9568","targetHints":{"allow":["GET"]}}],"collection":[{"href":"https:\/\/radio-aviva.com\/nimes\/wp-json\/wp\/v2\/podcast"}],"about":[{"href":"https:\/\/radio-aviva.com\/nimes\/wp-json\/wp\/v2\/types\/podcast"}],"author":[{"embeddable":true,"href":"https:\/\/radio-aviva.com\/nimes\/wp-json\/wp\/v2\/users\/336"}],"version-history":[{"count":2,"href":"https:\/\/radio-aviva.com\/nimes\/wp-json\/wp\/v2\/podcast\/9568\/revisions"}],"predecessor-version":[{"id":9570,"href":"https:\/\/radio-aviva.com\/nimes\/wp-json\/wp\/v2\/podcast\/9568\/revisions\/9570"}],"wp:featuredmedia":[{"embeddable":true,"href":"https:\/\/radio-aviva.com\/nimes\/wp-json\/wp\/v2\/media\/8550"}],"wp:attachment":[{"href":"https:\/\/radio-aviva.com\/nimes\/wp-json\/wp\/v2\/media?parent=9568"}],"wp:term":[{"taxonomy":"post_tag","embeddable":true,"href":"https:\/\/radio-aviva.com\/nimes\/wp-json\/wp\/v2\/tags?post=9568"},{"taxonomy":"podcastfilter","embeddable":true,"href":"https:\/\/radio-aviva.com\/nimes\/wp-json\/wp\/v2\/podcastfilter?post=9568"}],"curies":[{"name":"wp","href":"https:\/\/api.w.org\/{rel}","templated":true}]}}

Le Rotary et la journée de prévention sur l&rsquo;endométriose &#8211; Marie TUR

<p>Dans cette émission, Marie Tur, du Rotary Nîmes Carré d&rsquo;Art, dévoile le programme de la journée de la lutte contre l&rsquo;endométriose (conférence, gala de danse) qui a lieu ce samedi 15 mars.</p>
