{"id":9616,"date":"2025-03-25T14:54:46","date_gmt":"2025-03-25T13:54:46","guid":{"rendered":"https:\/\/radio-aviva.com\/nimes\/?post_type=podcast&#038;p=9616"},"modified":"2025-03-25T14:54:46","modified_gmt":"2025-03-25T13:54:46","slug":"fables-dantoine-bigot-auteur-en-langue-doc-patric-lapierre","status":"publish","type":"podcast","link":"https:\/\/radio-aviva.com\/nimes\/podcast\/fables-dantoine-bigot-auteur-en-langue-doc-patric-lapierre\/","title":{"rendered":"Fables d&rsquo;Antoine Bigot, auteur en langue d&rsquo;oc &#8211; Patric LAPIERRE"},"content":{"rendered":"<p>Pour f\u00eater le bicentenaire d\u2019Antoine Hyppolyte Bigot, Radio Aviva vous propose deux po\u00e8mes, interpr\u00e9t\u00e9s par Patric LAPIERRE, pr\u00e9sident de l\u2019association MARPOC \u00e0 N\u00eemes.<\/p>\n","protected":false},"author":336,"featured_media":9379,"template":"","tags":[],"podcastfilter":[171],"class_list":["post-9616","podcast","type-podcast","status-publish","has-post-thumbnail","hentry","podcastfilter-culture-compagnie"],"_links":{"self":[{"href":"https:\/\/radio-aviva.com\/nimes\/wp-json\/wp\/v2\/podcast\/9616","targetHints":{"allow":["GET"]}}],"collection":[{"href":"https:\/\/radio-aviva.com\/nimes\/wp-json\/wp\/v2\/podcast"}],"about":[{"href":"https:\/\/radio-aviva.com\/nimes\/wp-json\/wp\/v2\/types\/podcast"}],"author":[{"embeddable":true,"href":"https:\/\/radio-aviva.com\/nimes\/wp-json\/wp\/v2\/users\/336"}],"version-history":[{"count":1,"href":"https:\/\/radio-aviva.com\/nimes\/wp-json\/wp\/v2\/podcast\/9616\/revisions"}],"predecessor-version":[{"id":9617,"href":"https:\/\/radio-aviva.com\/nimes\/wp-json\/wp\/v2\/podcast\/9616\/revisions\/9617"}],"wp:featuredmedia":[{"embeddable":true,"href":"https:\/\/radio-aviva.com\/nimes\/wp-json\/wp\/v2\/media\/9379"}],"wp:attachment":[{"href":"https:\/\/radio-aviva.com\/nimes\/wp-json\/wp\/v2\/media?parent=9616"}],"wp:term":[{"taxonomy":"post_tag","embeddable":true,"href":"https:\/\/radio-aviva.com\/nimes\/wp-json\/wp\/v2\/tags?post=9616"},{"taxonomy":"podcastfilter","embeddable":true,"href":"https:\/\/radio-aviva.com\/nimes\/wp-json\/wp\/v2\/podcastfilter?post=9616"}],"curies":[{"name":"wp","href":"https:\/\/api.w.org\/{rel}","templated":true}]}}

<p>Pour fêter le bicentenaire d’Antoine Hyppolyte Bigot, Radio Aviva vous propose deux poèmes, interprétés par Patric LAPIERRE, président de l’association MARPOC à Nîmes.</p>
