{"id":9651,"date":"2025-04-29T10:13:33","date_gmt":"2025-04-29T08:13:33","guid":{"rendered":"https:\/\/radio-aviva.com\/nimes\/?post_type=podcast&#038;p=9651"},"modified":"2025-04-29T10:13:33","modified_gmt":"2025-04-29T08:13:33","slug":"rappel-utile-gazelec-episode-1-ufc-que-choisir","status":"publish","type":"podcast","link":"https:\/\/radio-aviva.com\/nimes\/podcast\/rappel-utile-gazelec-episode-1-ufc-que-choisir\/","title":{"rendered":"RAPPEL UTILE GAZ&amp;ELEC  Episode 1 &#8211; UFC-Que Choisir"},"content":{"rendered":"<p>Bernard Desandre, de l\u2019UFC-Que Choisir, fait le point sur les droits et obligations des consommateurs en mati\u00e8re de gaz et d\u2019\u00e9lectricit\u00e9. Comment suivre sa consommation, r\u00e9silier son contrat sans p\u00e9nalit\u00e9 ou \u00e9viter les mauvaises surprises lors d\u2019un d\u00e9m\u00e9nagement ? Il rappelle \u00e9galement l\u2019importance de relever soi-m\u00eame son compteur et de comparer les offres pour optimiser sa facture \u00e9nerg\u00e9tique.<\/p>\n","protected":false},"author":329,"featured_media":9649,"template":"","tags":[],"podcastfilter":[489,5],"class_list":["post-9651","podcast","type-podcast","status-publish","has-post-thumbnail","hentry","podcastfilter-le-saviez-vous","podcastfilter-nimes"],"_links":{"self":[{"href":"https:\/\/radio-aviva.com\/nimes\/wp-json\/wp\/v2\/podcast\/9651","targetHints":{"allow":["GET"]}}],"collection":[{"href":"https:\/\/radio-aviva.com\/nimes\/wp-json\/wp\/v2\/podcast"}],"about":[{"href":"https:\/\/radio-aviva.com\/nimes\/wp-json\/wp\/v2\/types\/podcast"}],"author":[{"embeddable":true,"href":"https:\/\/radio-aviva.com\/nimes\/wp-json\/wp\/v2\/users\/329"}],"version-history":[{"count":1,"href":"https:\/\/radio-aviva.com\/nimes\/wp-json\/wp\/v2\/podcast\/9651\/revisions"}],"predecessor-version":[{"id":9652,"href":"https:\/\/radio-aviva.com\/nimes\/wp-json\/wp\/v2\/podcast\/9651\/revisions\/9652"}],"wp:featuredmedia":[{"embeddable":true,"href":"https:\/\/radio-aviva.com\/nimes\/wp-json\/wp\/v2\/media\/9649"}],"wp:attachment":[{"href":"https:\/\/radio-aviva.com\/nimes\/wp-json\/wp\/v2\/media?parent=9651"}],"wp:term":[{"taxonomy":"post_tag","embeddable":true,"href":"https:\/\/radio-aviva.com\/nimes\/wp-json\/wp\/v2\/tags?post=9651"},{"taxonomy":"podcastfilter","embeddable":true,"href":"https:\/\/radio-aviva.com\/nimes\/wp-json\/wp\/v2\/podcastfilter?post=9651"}],"curies":[{"name":"wp","href":"https:\/\/api.w.org\/{rel}","templated":true}]}}

<p>Bernard Desandre, de l’UFC-Que Choisir, fait le point sur les droits et obligations des consommateurs en matière de gaz et d’électricité. Comment suivre sa consommation, résilier son contrat sans pénalité ou éviter les mauvaises surprises lors d’un déménagement ? Il rappelle également l’importance de relever soi-même son compteur et de comparer les offres pour optimiser sa facture énergétique.</p>
