{"id":9671,"date":"2025-05-16T16:06:56","date_gmt":"2025-05-16T14:06:56","guid":{"rendered":"https:\/\/radio-aviva.com\/nimes\/?post_type=podcast&#038;p=9671"},"modified":"2025-05-16T16:16:06","modified_gmt":"2025-05-16T14:16:06","slug":"journee-departementale-des-personnes-en-situation-de-handicap-de-liem-la-cigale-virginie-edouard","status":"publish","type":"podcast","link":"https:\/\/radio-aviva.com\/nimes\/podcast\/journee-departementale-des-personnes-en-situation-de-handicap-de-liem-la-cigale-virginie-edouard\/","title":{"rendered":"Journ\u00e9e d\u00e9partementale des personnes en situation de handicap de l&rsquo;IEM La Cigale &#8211; Virginie EDOUARD"},"content":{"rendered":"<p>Dans cette \u00e9mission, Virginie Edouard, pr\u00e9sidente de l\u2019Institut d\u2019Education Motrice <em>La Cigale,<\/em> est venue nous pr\u00e9senter la troisi\u00e8me \u00e9dition de la journ\u00e9e d\u00e9partementale du parcours de vie des personnes en situation de handicap, coordonn\u00e9e par l\u2019IFME et l\u2019association <span class=\"notion-enable-hover\" data-token-index=\"1\">Les Cigali\u00e8res<\/span>, le 14 mai.<!-- notionvc: 8cfa7dcc-0b7a-44a1-841d-cc678e1f41fc --><br \/>\n<!-- notionvc: 260827a0-29ec-421b-b20e-c11faf38f3c7 --><\/p>\n","protected":false},"author":336,"featured_media":6758,"template":"","tags":[],"podcastfilter":[27],"class_list":["post-9671","podcast","type-podcast","status-publish","has-post-thumbnail","hentry","podcastfilter-le-magazine-de-la-redac"],"_links":{"self":[{"href":"https:\/\/radio-aviva.com\/nimes\/wp-json\/wp\/v2\/podcast\/9671","targetHints":{"allow":["GET"]}}],"collection":[{"href":"https:\/\/radio-aviva.com\/nimes\/wp-json\/wp\/v2\/podcast"}],"about":[{"href":"https:\/\/radio-aviva.com\/nimes\/wp-json\/wp\/v2\/types\/podcast"}],"author":[{"embeddable":true,"href":"https:\/\/radio-aviva.com\/nimes\/wp-json\/wp\/v2\/users\/336"}],"version-history":[{"count":4,"href":"https:\/\/radio-aviva.com\/nimes\/wp-json\/wp\/v2\/podcast\/9671\/revisions"}],"predecessor-version":[{"id":9675,"href":"https:\/\/radio-aviva.com\/nimes\/wp-json\/wp\/v2\/podcast\/9671\/revisions\/9675"}],"wp:featuredmedia":[{"embeddable":true,"href":"https:\/\/radio-aviva.com\/nimes\/wp-json\/wp\/v2\/media\/6758"}],"wp:attachment":[{"href":"https:\/\/radio-aviva.com\/nimes\/wp-json\/wp\/v2\/media?parent=9671"}],"wp:term":[{"taxonomy":"post_tag","embeddable":true,"href":"https:\/\/radio-aviva.com\/nimes\/wp-json\/wp\/v2\/tags?post=9671"},{"taxonomy":"podcastfilter","embeddable":true,"href":"https:\/\/radio-aviva.com\/nimes\/wp-json\/wp\/v2\/podcastfilter?post=9671"}],"curies":[{"name":"wp","href":"https:\/\/api.w.org\/{rel}","templated":true}]}}

Journée départementale des personnes en situation de handicap de l&rsquo;IEM La Cigale &#8211; Virginie EDOUARD

<p>Dans cette émission, Virginie Edouard, présidente de l’Institut d’Education Motrice <em>La Cigale,</em> est venue nous présenter la troisième édition de la journée départementale du parcours de vie des personnes en situation de handicap, coordonnée par l’IFME et l’association <span class="notion-enable-hover" data-token-index="1">Les Cigalières</span>, le 14 mai.<!-- notionvc: 8cfa7dcc-0b7a-44a1-841d-cc678e1f41fc --><br />
<!-- notionvc: 260827a0-29ec-421b-b20e-c11faf38f3c7 --></p>
