{"id":9676,"date":"2025-05-21T10:03:33","date_gmt":"2025-05-21T08:03:33","guid":{"rendered":"https:\/\/radio-aviva.com\/nimes\/?post_type=podcast&#038;p=9676"},"modified":"2025-05-21T10:03:33","modified_gmt":"2025-05-21T08:03:33","slug":"lensemble-vocal-de-nimes-en-mai-2025-jean-jacques-smedts","status":"publish","type":"podcast","link":"https:\/\/radio-aviva.com\/nimes\/podcast\/lensemble-vocal-de-nimes-en-mai-2025-jean-jacques-smedts\/","title":{"rendered":"L&rsquo;Ensemble vocal de N\u00eemes en mai 2025 &#8211; Jean-Jacques SMEDTS"},"content":{"rendered":"<p>Dans cette \u00e9mission, Jean-Jacques Smedts, pr\u00e9sident de l\u2019association L<span class=\"notion-enable-hover\" data-token-index=\"1\">\u2019<em>Ecoute et la Voix<\/em><\/span>, est au micro de Radio Aviva pour pr\u00e9senter la programmation de L&rsquo;Ensemble Vocal de N\u00eemes pour le mois de mai.<!-- notionvc: 0c60960b-7f66-4a16-a091-956828d67544 --><\/p>\n","protected":false},"author":336,"featured_media":6750,"template":"","tags":[],"podcastfilter":[26],"class_list":["post-9676","podcast","type-podcast","status-publish","has-post-thumbnail","hentry","podcastfilter-entract"],"_links":{"self":[{"href":"https:\/\/radio-aviva.com\/nimes\/wp-json\/wp\/v2\/podcast\/9676","targetHints":{"allow":["GET"]}}],"collection":[{"href":"https:\/\/radio-aviva.com\/nimes\/wp-json\/wp\/v2\/podcast"}],"about":[{"href":"https:\/\/radio-aviva.com\/nimes\/wp-json\/wp\/v2\/types\/podcast"}],"author":[{"embeddable":true,"href":"https:\/\/radio-aviva.com\/nimes\/wp-json\/wp\/v2\/users\/336"}],"version-history":[{"count":1,"href":"https:\/\/radio-aviva.com\/nimes\/wp-json\/wp\/v2\/podcast\/9676\/revisions"}],"predecessor-version":[{"id":9677,"href":"https:\/\/radio-aviva.com\/nimes\/wp-json\/wp\/v2\/podcast\/9676\/revisions\/9677"}],"wp:featuredmedia":[{"embeddable":true,"href":"https:\/\/radio-aviva.com\/nimes\/wp-json\/wp\/v2\/media\/6750"}],"wp:attachment":[{"href":"https:\/\/radio-aviva.com\/nimes\/wp-json\/wp\/v2\/media?parent=9676"}],"wp:term":[{"taxonomy":"post_tag","embeddable":true,"href":"https:\/\/radio-aviva.com\/nimes\/wp-json\/wp\/v2\/tags?post=9676"},{"taxonomy":"podcastfilter","embeddable":true,"href":"https:\/\/radio-aviva.com\/nimes\/wp-json\/wp\/v2\/podcastfilter?post=9676"}],"curies":[{"name":"wp","href":"https:\/\/api.w.org\/{rel}","templated":true}]}}

L&rsquo;Ensemble vocal de Nîmes en mai 2025 &#8211; Jean-Jacques SMEDTS

<p>Dans cette émission, Jean-Jacques Smedts, président de l’association L<span class="notion-enable-hover" data-token-index="1">’<em>Ecoute et la Voix</em></span>, est au micro de Radio Aviva pour présenter la programmation de L&rsquo;Ensemble Vocal de Nîmes pour le mois de mai.<!-- notionvc: 0c60960b-7f66-4a16-a091-956828d67544 --></p>
