{"id":9678,"date":"2025-05-21T10:15:29","date_gmt":"2025-05-21T08:15:29","guid":{"rendered":"https:\/\/radio-aviva.com\/nimes\/?post_type=podcast&#038;p=9678"},"modified":"2025-05-21T10:16:29","modified_gmt":"2025-05-21T08:16:29","slug":"edition-2025-de-jazz-a-junas-sebastien-cabrie","status":"publish","type":"podcast","link":"https:\/\/radio-aviva.com\/nimes\/podcast\/edition-2025-de-jazz-a-junas-sebastien-cabrie\/","title":{"rendered":"Edition 2025 de Jazz \u00e0 Junas &#8211; S\u00e9bastien CABRIE"},"content":{"rendered":"<p>Dans cette \u00e9mission, S\u00e9bastien Cabri\u00e9, directeur de projets du festival de musique <em>Jazz \u00e0 Junas<\/em>, vient nous pr\u00e9senter la programmation du festival de l&rsquo;ann\u00e9e 2025.<\/p>\n","protected":false},"author":336,"featured_media":6750,"template":"","tags":[],"podcastfilter":[26],"class_list":["post-9678","podcast","type-podcast","status-publish","has-post-thumbnail","hentry","podcastfilter-entract"],"_links":{"self":[{"href":"https:\/\/radio-aviva.com\/nimes\/wp-json\/wp\/v2\/podcast\/9678","targetHints":{"allow":["GET"]}}],"collection":[{"href":"https:\/\/radio-aviva.com\/nimes\/wp-json\/wp\/v2\/podcast"}],"about":[{"href":"https:\/\/radio-aviva.com\/nimes\/wp-json\/wp\/v2\/types\/podcast"}],"author":[{"embeddable":true,"href":"https:\/\/radio-aviva.com\/nimes\/wp-json\/wp\/v2\/users\/336"}],"version-history":[{"count":3,"href":"https:\/\/radio-aviva.com\/nimes\/wp-json\/wp\/v2\/podcast\/9678\/revisions"}],"predecessor-version":[{"id":9681,"href":"https:\/\/radio-aviva.com\/nimes\/wp-json\/wp\/v2\/podcast\/9678\/revisions\/9681"}],"wp:featuredmedia":[{"embeddable":true,"href":"https:\/\/radio-aviva.com\/nimes\/wp-json\/wp\/v2\/media\/6750"}],"wp:attachment":[{"href":"https:\/\/radio-aviva.com\/nimes\/wp-json\/wp\/v2\/media?parent=9678"}],"wp:term":[{"taxonomy":"post_tag","embeddable":true,"href":"https:\/\/radio-aviva.com\/nimes\/wp-json\/wp\/v2\/tags?post=9678"},{"taxonomy":"podcastfilter","embeddable":true,"href":"https:\/\/radio-aviva.com\/nimes\/wp-json\/wp\/v2\/podcastfilter?post=9678"}],"curies":[{"name":"wp","href":"https:\/\/api.w.org\/{rel}","templated":true}]}}

Edition 2025 de Jazz à Junas &#8211; Sébastien CABRIE

<p>Dans cette émission, Sébastien Cabrié, directeur de projets du festival de musique <em>Jazz à Junas</em>, vient nous présenter la programmation du festival de l&rsquo;année 2025.</p>
