{"id":9685,"date":"2025-05-27T10:53:58","date_gmt":"2025-05-27T08:53:58","guid":{"rendered":"https:\/\/radio-aviva.com\/nimes\/?post_type=podcast&#038;p=9685"},"modified":"2025-05-27T10:53:58","modified_gmt":"2025-05-27T08:53:58","slug":"edition-2025-du-festival-la-maison-danse-anne-claire-chaptal","status":"publish","type":"podcast","link":"https:\/\/radio-aviva.com\/nimes\/podcast\/edition-2025-du-festival-la-maison-danse-anne-claire-chaptal\/","title":{"rendered":"Edition 2025 du Festival La Maison Danse &#8211; Anne-Claire CHAPTAL"},"content":{"rendered":"<p>Dans cette \u00e9mission, Anne-Claire Chaptal, responsable de la communication du Festival Maison Danse \u00e0 Uz\u00e8s, pr\u00e9sente le programme de l\u2019\u00e9dition 2025.<\/p>\n","protected":false},"author":336,"featured_media":6750,"template":"","tags":[],"podcastfilter":[26],"class_list":["post-9685","podcast","type-podcast","status-publish","has-post-thumbnail","hentry","podcastfilter-entract"],"_links":{"self":[{"href":"https:\/\/radio-aviva.com\/nimes\/wp-json\/wp\/v2\/podcast\/9685","targetHints":{"allow":["GET"]}}],"collection":[{"href":"https:\/\/radio-aviva.com\/nimes\/wp-json\/wp\/v2\/podcast"}],"about":[{"href":"https:\/\/radio-aviva.com\/nimes\/wp-json\/wp\/v2\/types\/podcast"}],"author":[{"embeddable":true,"href":"https:\/\/radio-aviva.com\/nimes\/wp-json\/wp\/v2\/users\/336"}],"version-history":[{"count":1,"href":"https:\/\/radio-aviva.com\/nimes\/wp-json\/wp\/v2\/podcast\/9685\/revisions"}],"predecessor-version":[{"id":9686,"href":"https:\/\/radio-aviva.com\/nimes\/wp-json\/wp\/v2\/podcast\/9685\/revisions\/9686"}],"wp:featuredmedia":[{"embeddable":true,"href":"https:\/\/radio-aviva.com\/nimes\/wp-json\/wp\/v2\/media\/6750"}],"wp:attachment":[{"href":"https:\/\/radio-aviva.com\/nimes\/wp-json\/wp\/v2\/media?parent=9685"}],"wp:term":[{"taxonomy":"post_tag","embeddable":true,"href":"https:\/\/radio-aviva.com\/nimes\/wp-json\/wp\/v2\/tags?post=9685"},{"taxonomy":"podcastfilter","embeddable":true,"href":"https:\/\/radio-aviva.com\/nimes\/wp-json\/wp\/v2\/podcastfilter?post=9685"}],"curies":[{"name":"wp","href":"https:\/\/api.w.org\/{rel}","templated":true}]}}

<p>Dans cette émission, Anne-Claire Chaptal, responsable de la communication du Festival Maison Danse à Uzès, présente le programme de l’édition 2025.</p>
