{"id":9687,"date":"2025-05-27T11:05:51","date_gmt":"2025-05-27T09:05:51","guid":{"rendered":"https:\/\/radio-aviva.com\/nimes\/?post_type=podcast&#038;p=9687"},"modified":"2025-05-27T11:05:51","modified_gmt":"2025-05-27T09:05:51","slug":"edition-2025-du-festival-les-suds-a-arles-stephane-krasniewski","status":"publish","type":"podcast","link":"https:\/\/radio-aviva.com\/nimes\/podcast\/edition-2025-du-festival-les-suds-a-arles-stephane-krasniewski\/","title":{"rendered":"Edition 2025 du Festival Les Suds \u00e0 Arles &#8211; St\u00e9phane KRASNIEWSKI"},"content":{"rendered":"<p>Dans cette \u00e9mission, St\u00e9phane Krasniewski, directeur du festival Les Suds \u00e0 Arles, pr\u00e9sente la programmation de cette ann\u00e9e, du 14 au 20 juillet 2025.<\/p>\n","protected":false},"author":336,"featured_media":8550,"template":"","tags":[],"podcastfilter":[30],"class_list":["post-9687","podcast","type-podcast","status-publish","has-post-thumbnail","hentry","podcastfilter-linvite-de-la-redaction"],"_links":{"self":[{"href":"https:\/\/radio-aviva.com\/nimes\/wp-json\/wp\/v2\/podcast\/9687","targetHints":{"allow":["GET"]}}],"collection":[{"href":"https:\/\/radio-aviva.com\/nimes\/wp-json\/wp\/v2\/podcast"}],"about":[{"href":"https:\/\/radio-aviva.com\/nimes\/wp-json\/wp\/v2\/types\/podcast"}],"author":[{"embeddable":true,"href":"https:\/\/radio-aviva.com\/nimes\/wp-json\/wp\/v2\/users\/336"}],"version-history":[{"count":1,"href":"https:\/\/radio-aviva.com\/nimes\/wp-json\/wp\/v2\/podcast\/9687\/revisions"}],"predecessor-version":[{"id":9688,"href":"https:\/\/radio-aviva.com\/nimes\/wp-json\/wp\/v2\/podcast\/9687\/revisions\/9688"}],"wp:featuredmedia":[{"embeddable":true,"href":"https:\/\/radio-aviva.com\/nimes\/wp-json\/wp\/v2\/media\/8550"}],"wp:attachment":[{"href":"https:\/\/radio-aviva.com\/nimes\/wp-json\/wp\/v2\/media?parent=9687"}],"wp:term":[{"taxonomy":"post_tag","embeddable":true,"href":"https:\/\/radio-aviva.com\/nimes\/wp-json\/wp\/v2\/tags?post=9687"},{"taxonomy":"podcastfilter","embeddable":true,"href":"https:\/\/radio-aviva.com\/nimes\/wp-json\/wp\/v2\/podcastfilter?post=9687"}],"curies":[{"name":"wp","href":"https:\/\/api.w.org\/{rel}","templated":true}]}}

Edition 2025 du Festival Les Suds à Arles &#8211; Stéphane KRASNIEWSKI

<p>Dans cette émission, Stéphane Krasniewski, directeur du festival Les Suds à Arles, présente la programmation de cette année, du 14 au 20 juillet 2025.</p>
