{"id":9689,"date":"2025-05-27T11:14:31","date_gmt":"2025-05-27T09:14:31","guid":{"rendered":"https:\/\/radio-aviva.com\/nimes\/?post_type=podcast&#038;p=9689"},"modified":"2025-05-27T11:14:31","modified_gmt":"2025-05-27T09:14:31","slug":"exposition-gaulois-mais-romains-au-musee-de-la-romanite-nicolas-de-larquier","status":"publish","type":"podcast","link":"https:\/\/radio-aviva.com\/nimes\/podcast\/exposition-gaulois-mais-romains-au-musee-de-la-romanite-nicolas-de-larquier\/","title":{"rendered":"Exposition \u00ab\u00a0Gaulois mais Romains !\u00a0\u00bb au Mus\u00e9e de la Romanit\u00e9 &#8211; Nicolas DE LARQUIER"},"content":{"rendered":"<p>Dans cette \u00e9mission, Nicolas de Larquier, conservateur en chef du Mus\u00e9e de la Romanit\u00e9, vient pr\u00e9senter la derni\u00e8re exposition temporaire \u201cGaulois, mais Romains !\u201d, du 29 mai jusqu\u2019au 4 janvier 2026.<\/p>\n","protected":false},"author":336,"featured_media":6750,"template":"","tags":[],"podcastfilter":[26],"class_list":["post-9689","podcast","type-podcast","status-publish","has-post-thumbnail","hentry","podcastfilter-entract"],"_links":{"self":[{"href":"https:\/\/radio-aviva.com\/nimes\/wp-json\/wp\/v2\/podcast\/9689","targetHints":{"allow":["GET"]}}],"collection":[{"href":"https:\/\/radio-aviva.com\/nimes\/wp-json\/wp\/v2\/podcast"}],"about":[{"href":"https:\/\/radio-aviva.com\/nimes\/wp-json\/wp\/v2\/types\/podcast"}],"author":[{"embeddable":true,"href":"https:\/\/radio-aviva.com\/nimes\/wp-json\/wp\/v2\/users\/336"}],"version-history":[{"count":1,"href":"https:\/\/radio-aviva.com\/nimes\/wp-json\/wp\/v2\/podcast\/9689\/revisions"}],"predecessor-version":[{"id":9690,"href":"https:\/\/radio-aviva.com\/nimes\/wp-json\/wp\/v2\/podcast\/9689\/revisions\/9690"}],"wp:featuredmedia":[{"embeddable":true,"href":"https:\/\/radio-aviva.com\/nimes\/wp-json\/wp\/v2\/media\/6750"}],"wp:attachment":[{"href":"https:\/\/radio-aviva.com\/nimes\/wp-json\/wp\/v2\/media?parent=9689"}],"wp:term":[{"taxonomy":"post_tag","embeddable":true,"href":"https:\/\/radio-aviva.com\/nimes\/wp-json\/wp\/v2\/tags?post=9689"},{"taxonomy":"podcastfilter","embeddable":true,"href":"https:\/\/radio-aviva.com\/nimes\/wp-json\/wp\/v2\/podcastfilter?post=9689"}],"curies":[{"name":"wp","href":"https:\/\/api.w.org\/{rel}","templated":true}]}}

Exposition « Gaulois mais Romains ! » au Musée de la Romanité &#8211; Nicolas DE LARQUIER

<p>Dans cette émission, Nicolas de Larquier, conservateur en chef du Musée de la Romanité, vient présenter la dernière exposition temporaire “Gaulois, mais Romains !”, du 29 mai jusqu’au 4 janvier 2026.</p>
