{"id":9713,"date":"2025-06-25T14:04:53","date_gmt":"2025-06-25T12:04:53","guid":{"rendered":"https:\/\/radio-aviva.com\/nimes\/?post_type=podcast&#038;p=9713"},"modified":"2025-06-25T14:04:53","modified_gmt":"2025-06-25T12:04:53","slug":"genre-genre-en-concert-aux-transes-cevenoles-2025","status":"publish","type":"podcast","link":"https:\/\/radio-aviva.com\/nimes\/podcast\/genre-genre-en-concert-aux-transes-cevenoles-2025\/","title":{"rendered":"GENRE GENRE en concert aux Transes C\u00e9venoles 2025"},"content":{"rendered":"<p>Laur\u00e9at du dispositif de rep\u00e9rage du festival, le duo montpelli\u00e9rain GENRE GENRE ouvrira la grande soir\u00e9e du dimanche 20 juillet aux Transes C\u00e9venoles \u00e0 Sum\u00e8ne. En r\u00e9sidence \u00e0 Paloma pour pr\u00e9parer ce concert, Kim et Eli nous parlent de leur univers dream folk et dream pop, de leur premier EP <span class=\"notion-enable-hover\" data-token-index=\"1\">JUNO SIX<\/span>, et de leur envie de faire vibrer les \u00e9motions \u00e0 travers une performance sc\u00e9nique immersive, entre douceur et intensit\u00e9. <!-- --> <!-- notionvc: ece57943-49ea-4c13-93dc-8b190813106d --><\/p>\n","protected":false},"author":336,"featured_media":8550,"template":"","tags":[],"podcastfilter":[30],"class_list":["post-9713","podcast","type-podcast","status-publish","has-post-thumbnail","hentry","podcastfilter-linvite-de-la-redaction"],"_links":{"self":[{"href":"https:\/\/radio-aviva.com\/nimes\/wp-json\/wp\/v2\/podcast\/9713","targetHints":{"allow":["GET"]}}],"collection":[{"href":"https:\/\/radio-aviva.com\/nimes\/wp-json\/wp\/v2\/podcast"}],"about":[{"href":"https:\/\/radio-aviva.com\/nimes\/wp-json\/wp\/v2\/types\/podcast"}],"author":[{"embeddable":true,"href":"https:\/\/radio-aviva.com\/nimes\/wp-json\/wp\/v2\/users\/336"}],"version-history":[{"count":1,"href":"https:\/\/radio-aviva.com\/nimes\/wp-json\/wp\/v2\/podcast\/9713\/revisions"}],"predecessor-version":[{"id":9714,"href":"https:\/\/radio-aviva.com\/nimes\/wp-json\/wp\/v2\/podcast\/9713\/revisions\/9714"}],"wp:featuredmedia":[{"embeddable":true,"href":"https:\/\/radio-aviva.com\/nimes\/wp-json\/wp\/v2\/media\/8550"}],"wp:attachment":[{"href":"https:\/\/radio-aviva.com\/nimes\/wp-json\/wp\/v2\/media?parent=9713"}],"wp:term":[{"taxonomy":"post_tag","embeddable":true,"href":"https:\/\/radio-aviva.com\/nimes\/wp-json\/wp\/v2\/tags?post=9713"},{"taxonomy":"podcastfilter","embeddable":true,"href":"https:\/\/radio-aviva.com\/nimes\/wp-json\/wp\/v2\/podcastfilter?post=9713"}],"curies":[{"name":"wp","href":"https:\/\/api.w.org\/{rel}","templated":true}]}}

GENRE GENRE en concert aux Transes Cévenoles 2025

<p>Lauréat du dispositif de repérage du festival, le duo montpelliérain GENRE GENRE ouvrira la grande soirée du dimanche 20 juillet aux Transes Cévenoles à Sumène. En résidence à Paloma pour préparer ce concert, Kim et Eli nous parlent de leur univers dream folk et dream pop, de leur premier EP <span class="notion-enable-hover" data-token-index="1">JUNO SIX</span>, et de leur envie de faire vibrer les émotions à travers une performance scénique immersive, entre douceur et intensité. <!-- --> <!-- notionvc: ece57943-49ea-4c13-93dc-8b190813106d --></p>
