{"id":9767,"date":"2025-07-31T11:10:03","date_gmt":"2025-07-31T09:10:03","guid":{"rendered":"https:\/\/radio-aviva.com\/nimes\/?post_type=podcast&#038;p=9767"},"modified":"2025-07-31T11:10:21","modified_gmt":"2025-07-31T09:10:21","slug":"presentation-saison-touristique-ete-2025-de-la-communaute-de-communes-beaucaire-terre-dargence-juan-martinez","status":"publish","type":"podcast","link":"https:\/\/radio-aviva.com\/nimes\/podcast\/presentation-saison-touristique-ete-2025-de-la-communaute-de-communes-beaucaire-terre-dargence-juan-martinez\/","title":{"rendered":"Pr\u00e9sentation saison touristique \u00e9t\u00e9 2025 de la Communaut\u00e9 de Communes Beaucaire Terre d\u2019Argence &#8211; Juan MARTINEZ"},"content":{"rendered":"<p>Dans cette \u00e9mission, nous recevons Juan MARTINEZ pour nous pr\u00e9senter la saison touristique \u00e9t\u00e9 2025 de la Communaut\u00e9 de Communes Beaucaire Terre d\u2019Argence.<\/p>\n","protected":false},"author":329,"featured_media":6758,"template":"","tags":[],"podcastfilter":[27,5],"class_list":["post-9767","podcast","type-podcast","status-publish","has-post-thumbnail","hentry","podcastfilter-le-magazine-de-la-redac","podcastfilter-nimes"],"_links":{"self":[{"href":"https:\/\/radio-aviva.com\/nimes\/wp-json\/wp\/v2\/podcast\/9767","targetHints":{"allow":["GET"]}}],"collection":[{"href":"https:\/\/radio-aviva.com\/nimes\/wp-json\/wp\/v2\/podcast"}],"about":[{"href":"https:\/\/radio-aviva.com\/nimes\/wp-json\/wp\/v2\/types\/podcast"}],"author":[{"embeddable":true,"href":"https:\/\/radio-aviva.com\/nimes\/wp-json\/wp\/v2\/users\/329"}],"version-history":[{"count":2,"href":"https:\/\/radio-aviva.com\/nimes\/wp-json\/wp\/v2\/podcast\/9767\/revisions"}],"predecessor-version":[{"id":9769,"href":"https:\/\/radio-aviva.com\/nimes\/wp-json\/wp\/v2\/podcast\/9767\/revisions\/9769"}],"wp:featuredmedia":[{"embeddable":true,"href":"https:\/\/radio-aviva.com\/nimes\/wp-json\/wp\/v2\/media\/6758"}],"wp:attachment":[{"href":"https:\/\/radio-aviva.com\/nimes\/wp-json\/wp\/v2\/media?parent=9767"}],"wp:term":[{"taxonomy":"post_tag","embeddable":true,"href":"https:\/\/radio-aviva.com\/nimes\/wp-json\/wp\/v2\/tags?post=9767"},{"taxonomy":"podcastfilter","embeddable":true,"href":"https:\/\/radio-aviva.com\/nimes\/wp-json\/wp\/v2\/podcastfilter?post=9767"}],"curies":[{"name":"wp","href":"https:\/\/api.w.org\/{rel}","templated":true}]}}

Présentation saison touristique été 2025 de la Communauté de Communes Beaucaire Terre d’Argence &#8211; Juan MARTINEZ

<p>Dans cette émission, nous recevons Juan MARTINEZ pour nous présenter la saison touristique été 2025 de la Communauté de Communes Beaucaire Terre d’Argence.</p>
