{"id":9782,"date":"2025-07-07T16:02:58","date_gmt":"2025-07-07T14:02:58","guid":{"rendered":"https:\/\/radio-aviva.com\/nimes\/?post_type=podcast&#038;p=9782"},"modified":"2025-08-11T17:08:17","modified_gmt":"2025-08-11T15:08:17","slug":"microbiote-entre-le-yin-le-yang","status":"publish","type":"podcast","link":"https:\/\/radio-aviva.com\/nimes\/podcast\/microbiote-entre-le-yin-le-yang\/","title":{"rendered":"Microbiote : entre le Yin &amp; le Yang"},"content":{"rendered":"<p>Animation par Perla Danan<\/p>\n<p>-Que sait-on du microbiote intestinal ? Quel est son impact dans les maladies auto-immunes ? Avec le Pr Claire Daien, Rhumatologue, CHU de Montpellier<\/p>\n<p>-Existe-t-il un lien entre le microbiote intestinal et la maladie Alzheimer ? Avec le Dr Sylvie Claeysen, Neuropharmacologue, Institut de G\u00e9n\u00e9tique Fonctionnelle, Montpellier ; et le Dr Germain Busto, Chef de projet, CMRR, CHU de Montpellier<\/p>\n<p>-Il n\u2019y a pas que le microbiote intestinal ! Que sait-on du microbiote cutan\u00e9 ? Avec Dr Catherine Dunyach-Remy, Microbiologiste, CHU de N\u00eemes ; et le Pr Anthony Gelis, PU-PH en m\u00e9decine physique et de r\u00e9adaptation, CHU de Montpellier<!-- notionvc: 102fd7c4-f94e-4908-bbdc-a51f3700c13c --><\/p>\n","protected":false},"author":329,"featured_media":9783,"template":"","tags":[],"podcastfilter":[5,29],"class_list":["post-9782","podcast","type-podcast","status-publish","has-post-thumbnail","hentry","podcastfilter-nimes","podcastfilter-sante"],"_links":{"self":[{"href":"https:\/\/radio-aviva.com\/nimes\/wp-json\/wp\/v2\/podcast\/9782","targetHints":{"allow":["GET"]}}],"collection":[{"href":"https:\/\/radio-aviva.com\/nimes\/wp-json\/wp\/v2\/podcast"}],"about":[{"href":"https:\/\/radio-aviva.com\/nimes\/wp-json\/wp\/v2\/types\/podcast"}],"author":[{"embeddable":true,"href":"https:\/\/radio-aviva.com\/nimes\/wp-json\/wp\/v2\/users\/329"}],"version-history":[{"count":1,"href":"https:\/\/radio-aviva.com\/nimes\/wp-json\/wp\/v2\/podcast\/9782\/revisions"}],"predecessor-version":[{"id":9784,"href":"https:\/\/radio-aviva.com\/nimes\/wp-json\/wp\/v2\/podcast\/9782\/revisions\/9784"}],"wp:featuredmedia":[{"embeddable":true,"href":"https:\/\/radio-aviva.com\/nimes\/wp-json\/wp\/v2\/media\/9783"}],"wp:attachment":[{"href":"https:\/\/radio-aviva.com\/nimes\/wp-json\/wp\/v2\/media?parent=9782"}],"wp:term":[{"taxonomy":"post_tag","embeddable":true,"href":"https:\/\/radio-aviva.com\/nimes\/wp-json\/wp\/v2\/tags?post=9782"},{"taxonomy":"podcastfilter","embeddable":true,"href":"https:\/\/radio-aviva.com\/nimes\/wp-json\/wp\/v2\/podcastfilter?post=9782"}],"curies":[{"name":"wp","href":"https:\/\/api.w.org\/{rel}","templated":true}]}}

<p>Animation par Perla Danan</p>
<p>-Que sait-on du microbiote intestinal ? Quel est son impact dans les maladies auto-immunes ? Avec le Pr Claire Daien, Rhumatologue, CHU de Montpellier</p>
<p>-Existe-t-il un lien entre le microbiote intestinal et la maladie Alzheimer ? Avec le Dr Sylvie Claeysen, Neuropharmacologue, Institut de Génétique Fonctionnelle, Montpellier ; et le Dr Germain Busto, Chef de projet, CMRR, CHU de Montpellier</p>
<p>-Il n’y a pas que le microbiote intestinal ! Que sait-on du microbiote cutané ? Avec Dr Catherine Dunyach-Remy, Microbiologiste, CHU de Nîmes ; et le Pr Anthony Gelis, PU-PH en médecine physique et de réadaptation, CHU de Montpellier<!-- notionvc: 102fd7c4-f94e-4908-bbdc-a51f3700c13c --></p>
