{"id":9790,"date":"2025-08-29T17:44:00","date_gmt":"2025-08-29T15:44:00","guid":{"rendered":"https:\/\/radio-aviva.com\/nimes\/podcast\/campus-avec-liliane-dray-le-contrat-dapprentissage-et-son-parcours\/"},"modified":"2025-08-29T17:44:00","modified_gmt":"2025-08-29T15:44:00","slug":"campus-avec-liliane-dray-le-contrat-dapprentissage-et-son-parcours","status":"publish","type":"podcast","link":"https:\/\/radio-aviva.com\/nimes\/podcast\/campus-avec-liliane-dray-le-contrat-dapprentissage-et-son-parcours\/","title":{"rendered":"Campus avec Liliane Dray : Le contrat d&rsquo;apprentissage et son parcours"},"content":{"rendered":"<p>Nous allons dans ce campus parler d\u2019apprentissage car c\u2019est un succ\u00e8s qui ne se d\u00e9ment pas<\/p>\n<p>Tout d\u2019abord voyons comment le parcours des apprentis peut \u00eatre s\u00e9curis\u00e9<\/p>\n<p>Que se passe-t-il s\u2019il n\u2019a pas d\u2019employeur au moment du d\u00e9marrage de la formation en CFA\u00a0?<\/p>\n<p>Voyons \u00e0 pr\u00e9sent les missions de l\u2019entreprise<\/p>\n<p>L\u2019impact particuli\u00e8rement fort reste l\u2019insertion professionnelle en sortie d\u2019apprentissage<\/p>\n<p>Des renseignements compl\u00e9mentaires \u00e0 retrouver sur <a href=\"https:\/\/travail-emploi.gouv.fr\/\" target=\"_blank\" rel=\"noopener noreferrer\">https:\/\/travail-emploi.gouv.fr\/<\/a><\/p>\n","protected":false},"author":1,"featured_media":8522,"template":"","tags":[],"podcastfilter":[164,132,5,145],"class_list":["post-9790","podcast","type-podcast","status-publish","has-post-thumbnail","hentry","podcastfilter-campus","podcastfilter-montpellier","podcastfilter-nimes","podcastfilter-perpignan"],"_links":{"self":[{"href":"https:\/\/radio-aviva.com\/nimes\/wp-json\/wp\/v2\/podcast\/9790","targetHints":{"allow":["GET"]}}],"collection":[{"href":"https:\/\/radio-aviva.com\/nimes\/wp-json\/wp\/v2\/podcast"}],"about":[{"href":"https:\/\/radio-aviva.com\/nimes\/wp-json\/wp\/v2\/types\/podcast"}],"author":[{"embeddable":true,"href":"https:\/\/radio-aviva.com\/nimes\/wp-json\/wp\/v2\/users\/1"}],"version-history":[{"count":0,"href":"https:\/\/radio-aviva.com\/nimes\/wp-json\/wp\/v2\/podcast\/9790\/revisions"}],"wp:featuredmedia":[{"embeddable":true,"href":"https:\/\/radio-aviva.com\/nimes\/wp-json\/wp\/v2\/media\/8522"}],"wp:attachment":[{"href":"https:\/\/radio-aviva.com\/nimes\/wp-json\/wp\/v2\/media?parent=9790"}],"wp:term":[{"taxonomy":"post_tag","embeddable":true,"href":"https:\/\/radio-aviva.com\/nimes\/wp-json\/wp\/v2\/tags?post=9790"},{"taxonomy":"podcastfilter","embeddable":true,"href":"https:\/\/radio-aviva.com\/nimes\/wp-json\/wp\/v2\/podcastfilter?post=9790"}],"curies":[{"name":"wp","href":"https:\/\/api.w.org\/{rel}","templated":true}]}}

<p>Nous allons dans ce campus parler d’apprentissage car c’est un succès qui ne se dément pas</p>
<p>Tout d’abord voyons comment le parcours des apprentis peut être sécurisé</p>
<p>Que se passe-t-il s’il n’a pas d’employeur au moment du démarrage de la formation en CFA ?</p>
<p>Voyons à présent les missions de l’entreprise</p>
<p>L’impact particulièrement fort reste l’insertion professionnelle en sortie d’apprentissage</p>
<p>Des renseignements complémentaires à retrouver sur <a href="https://travail-emploi.gouv.fr/" target="_blank" rel="noopener noreferrer">https://travail-emploi.gouv.fr/</a></p>
