{"id":9882,"date":"2025-10-01T14:54:07","date_gmt":"2025-10-01T12:54:07","guid":{"rendered":"https:\/\/radio-aviva.com\/nimes\/?post_type=podcast&#038;p=9882"},"modified":"2025-10-01T14:54:07","modified_gmt":"2025-10-01T12:54:07","slug":"expo-restaurant-aux-plaisirs-des-halles-pascale-chabanel","status":"publish","type":"podcast","link":"https:\/\/radio-aviva.com\/nimes\/podcast\/expo-restaurant-aux-plaisirs-des-halles-pascale-chabanel\/","title":{"rendered":"Expo Restaurant \u201cAux Plaisirs des Halles\u201d &#8211; Pascale Chabanel"},"content":{"rendered":"<p><span style=\"font-weight: 400\">Dans ce num\u00e9ro d&rsquo;Entracte,<\/span><i><span style=\"font-weight: 400\">\u00a0<\/span><\/i><span style=\"font-weight: 400\">Perla Danan est all\u00e9e \u00e0 la rencontre de l&rsquo;artiste peintre <i>Pascale Chabanel<\/i>\u00a0au coeur m\u00eame de son exposition Eclats de N\u00eemes Aux Plaisirs des Halles, restaurant bien connu des n\u00eemois. <\/span><\/p>\n<p><span style=\"font-weight: 400\">Dans cette interview elle nous parle de son inspiration, de ses cr\u00e9ations. Son exposition\u00a0 est \u00e0 voir jusqu&rsquo;au 15 octobre.<\/span><\/p>\n","protected":false},"author":329,"featured_media":6750,"template":"","tags":[],"podcastfilter":[8,28,26,5],"class_list":["post-9882","podcast","type-podcast","status-publish","has-post-thumbnail","hentry","podcastfilter-art","podcastfilter-culture","podcastfilter-entract","podcastfilter-nimes"],"_links":{"self":[{"href":"https:\/\/radio-aviva.com\/nimes\/wp-json\/wp\/v2\/podcast\/9882","targetHints":{"allow":["GET"]}}],"collection":[{"href":"https:\/\/radio-aviva.com\/nimes\/wp-json\/wp\/v2\/podcast"}],"about":[{"href":"https:\/\/radio-aviva.com\/nimes\/wp-json\/wp\/v2\/types\/podcast"}],"author":[{"embeddable":true,"href":"https:\/\/radio-aviva.com\/nimes\/wp-json\/wp\/v2\/users\/329"}],"version-history":[{"count":1,"href":"https:\/\/radio-aviva.com\/nimes\/wp-json\/wp\/v2\/podcast\/9882\/revisions"}],"predecessor-version":[{"id":9883,"href":"https:\/\/radio-aviva.com\/nimes\/wp-json\/wp\/v2\/podcast\/9882\/revisions\/9883"}],"wp:featuredmedia":[{"embeddable":true,"href":"https:\/\/radio-aviva.com\/nimes\/wp-json\/wp\/v2\/media\/6750"}],"wp:attachment":[{"href":"https:\/\/radio-aviva.com\/nimes\/wp-json\/wp\/v2\/media?parent=9882"}],"wp:term":[{"taxonomy":"post_tag","embeddable":true,"href":"https:\/\/radio-aviva.com\/nimes\/wp-json\/wp\/v2\/tags?post=9882"},{"taxonomy":"podcastfilter","embeddable":true,"href":"https:\/\/radio-aviva.com\/nimes\/wp-json\/wp\/v2\/podcastfilter?post=9882"}],"curies":[{"name":"wp","href":"https:\/\/api.w.org\/{rel}","templated":true}]}}

<p><span style="font-weight: 400">Dans ce numéro d&rsquo;Entracte,</span><i><span style="font-weight: 400"> </span></i><span style="font-weight: 400">Perla Danan est allée à la rencontre de l&rsquo;artiste peintre <i>Pascale Chabanel</i> au coeur même de son exposition Eclats de Nîmes Aux Plaisirs des Halles, restaurant bien connu des nîmois. </span></p>
<p><span style="font-weight: 400">Dans cette interview elle nous parle de son inspiration, de ses créations. Son exposition  est à voir jusqu&rsquo;au 15 octobre.</span></p>
