{"id":9974,"date":"2026-01-08T13:19:24","date_gmt":"2026-01-08T12:19:24","guid":{"rendered":"https:\/\/radio-aviva.com\/nimes\/?post_type=podcast&#038;p=9974"},"modified":"2026-01-08T13:19:24","modified_gmt":"2026-01-08T12:19:24","slug":"exposition-de-sam-crack-au-cacn-de-nimes-sam-crack-artiste","status":"publish","type":"podcast","link":"https:\/\/radio-aviva.com\/nimes\/podcast\/exposition-de-sam-crack-au-cacn-de-nimes-sam-crack-artiste\/","title":{"rendered":"Exposition de Sam Crack au CACN de Nimes &#8211; Sam Crack, artiste"},"content":{"rendered":"<p>Interview de Sam Krack, un artiste s\u00e9tois qui expose au CACN Centre d&rsquo;Art Contemporain de N\u00eemes. L&rsquo;artiste valorise dans ses \u0153uvres artistiques les objets et lieux banals. Il peint, installe et performe.<\/p>\n","protected":false},"author":329,"featured_media":9379,"template":"","tags":[],"podcastfilter":[8,24,22,5],"class_list":["post-9974","podcast","type-podcast","status-publish","has-post-thumbnail","hentry","podcastfilter-art","podcastfilter-culture-et-compagnie","podcastfilter-exposition","podcastfilter-nimes"],"_links":{"self":[{"href":"https:\/\/radio-aviva.com\/nimes\/wp-json\/wp\/v2\/podcast\/9974","targetHints":{"allow":["GET"]}}],"collection":[{"href":"https:\/\/radio-aviva.com\/nimes\/wp-json\/wp\/v2\/podcast"}],"about":[{"href":"https:\/\/radio-aviva.com\/nimes\/wp-json\/wp\/v2\/types\/podcast"}],"author":[{"embeddable":true,"href":"https:\/\/radio-aviva.com\/nimes\/wp-json\/wp\/v2\/users\/329"}],"version-history":[{"count":1,"href":"https:\/\/radio-aviva.com\/nimes\/wp-json\/wp\/v2\/podcast\/9974\/revisions"}],"predecessor-version":[{"id":9975,"href":"https:\/\/radio-aviva.com\/nimes\/wp-json\/wp\/v2\/podcast\/9974\/revisions\/9975"}],"wp:featuredmedia":[{"embeddable":true,"href":"https:\/\/radio-aviva.com\/nimes\/wp-json\/wp\/v2\/media\/9379"}],"wp:attachment":[{"href":"https:\/\/radio-aviva.com\/nimes\/wp-json\/wp\/v2\/media?parent=9974"}],"wp:term":[{"taxonomy":"post_tag","embeddable":true,"href":"https:\/\/radio-aviva.com\/nimes\/wp-json\/wp\/v2\/tags?post=9974"},{"taxonomy":"podcastfilter","embeddable":true,"href":"https:\/\/radio-aviva.com\/nimes\/wp-json\/wp\/v2\/podcastfilter?post=9974"}],"curies":[{"name":"wp","href":"https:\/\/api.w.org\/{rel}","templated":true}]}}

<p>Interview de Sam Krack, un artiste sétois qui expose au CACN Centre d&rsquo;Art Contemporain de Nîmes. L&rsquo;artiste valorise dans ses œuvres artistiques les objets et lieux banals. Il peint, installe et performe.</p>
