{"id":10016,"date":"2024-10-02T10:00:11","date_gmt":"2024-10-02T08:00:11","guid":{"rendered":"https:\/\/radio-aviva.com\/perpignan\/?post_type=podcast&#038;p=10016"},"modified":"2024-10-01T14:25:11","modified_gmt":"2024-10-01T12:25:11","slug":"expo-antonio-machado-virginie-soulier-maitre-de-conference","status":"publish","type":"podcast","link":"https:\/\/radio-aviva.com\/perpignan\/podcast\/expo-antonio-machado-virginie-soulier-maitre-de-conference\/","title":{"rendered":"EXPO ANTONIO MACHADO &#8211; VIRGINIE SOULIER, MAITRE DE CONFERENCE"},"content":{"rendered":"<p>L\u2019exposition \u00ab Sur les traces du po\u00e8te Antonio Machado : une m\u00e9moire partag\u00e9e \u00bb est le<br \/>\nfruit d\u2019une collaboration entre le Master 2 Histoire de l\u2019art parcours m\u00e9tiers du patrimoine<br \/>\nde l\u2019Universit\u00e9 de Perpignan Via Domitia (UPVD), la Fondation UPVD et la Fondation<br \/>\nAntonio Machado (FAM). Exposition du 25 septembre au 21 octobre<\/p>\n","protected":false},"author":1,"featured_media":10017,"template":"","tags":[],"podcastfilter":[86,168,272,150,109,186],"class_list":["post-10016","podcast","type-podcast","status-publish","has-post-thumbnail","hentry","podcastfilter-art","podcastfilter-artiste","podcastfilter-culture","podcastfilter-entracte","podcastfilter-perpignan","podcastfilter-pyrenees-orientales-2"],"_links":{"self":[{"href":"https:\/\/radio-aviva.com\/perpignan\/wp-json\/wp\/v2\/podcast\/10016","targetHints":{"allow":["GET"]}}],"collection":[{"href":"https:\/\/radio-aviva.com\/perpignan\/wp-json\/wp\/v2\/podcast"}],"about":[{"href":"https:\/\/radio-aviva.com\/perpignan\/wp-json\/wp\/v2\/types\/podcast"}],"author":[{"embeddable":true,"href":"https:\/\/radio-aviva.com\/perpignan\/wp-json\/wp\/v2\/users\/1"}],"version-history":[{"count":2,"href":"https:\/\/radio-aviva.com\/perpignan\/wp-json\/wp\/v2\/podcast\/10016\/revisions"}],"predecessor-version":[{"id":10019,"href":"https:\/\/radio-aviva.com\/perpignan\/wp-json\/wp\/v2\/podcast\/10016\/revisions\/10019"}],"wp:featuredmedia":[{"embeddable":true,"href":"https:\/\/radio-aviva.com\/perpignan\/wp-json\/wp\/v2\/media\/10017"}],"wp:attachment":[{"href":"https:\/\/radio-aviva.com\/perpignan\/wp-json\/wp\/v2\/media?parent=10016"}],"wp:term":[{"taxonomy":"post_tag","embeddable":true,"href":"https:\/\/radio-aviva.com\/perpignan\/wp-json\/wp\/v2\/tags?post=10016"},{"taxonomy":"podcastfilter","embeddable":true,"href":"https:\/\/radio-aviva.com\/perpignan\/wp-json\/wp\/v2\/podcastfilter?post=10016"}],"curies":[{"name":"wp","href":"https:\/\/api.w.org\/{rel}","templated":true}]}}

<p>L’exposition « Sur les traces du poète Antonio Machado : une mémoire partagée » est le<br />
fruit d’une collaboration entre le Master 2 Histoire de l’art parcours métiers du patrimoine<br />
de l’Université de Perpignan Via Domitia (UPVD), la Fondation UPVD et la Fondation<br />
Antonio Machado (FAM). Exposition du 25 septembre au 21 octobre</p>
