{"id":10026,"date":"2024-10-07T10:00:33","date_gmt":"2024-10-07T08:00:33","guid":{"rendered":"https:\/\/radio-aviva.com\/perpignan\/?post_type=podcast&#038;p=10026"},"modified":"2024-10-04T10:18:38","modified_gmt":"2024-10-04T08:18:38","slug":"festival-hutopi-alexandra-deblaton-co-fondatrice","status":"publish","type":"podcast","link":"https:\/\/radio-aviva.com\/perpignan\/podcast\/festival-hutopi-alexandra-deblaton-co-fondatrice\/","title":{"rendered":"FESTIVAL HUTOPI &#8211; ALEXANDRA DEBLATON, CO FONDATRICE"},"content":{"rendered":"<p>Le festival HUTOPI c\u2019est sur 4 jours cons\u00e9cutifs \u00e0 l&rsquo;ancien lyc\u00e9e Al Sol\/Greta de Catalogne qui d\u00e9voilera ses mille facettes ! Une multitude d&rsquo;activit\u00e9s seront propos\u00e9es \u00e0 un large public autour des arts de rue, du lien, de l&rsquo;invention, du bien-\u00eatre, de la musique, du bien vivre et du mieux consommer\u2026<\/p>\n","protected":false},"author":1,"featured_media":10031,"template":"","tags":[],"podcastfilter":[86,150,167,88,109,186],"class_list":["post-10026","podcast","type-podcast","status-publish","has-post-thumbnail","hentry","podcastfilter-art","podcastfilter-entracte","podcastfilter-festival","podcastfilter-musique","podcastfilter-perpignan","podcastfilter-pyrenees-orientales-2"],"_links":{"self":[{"href":"https:\/\/radio-aviva.com\/perpignan\/wp-json\/wp\/v2\/podcast\/10026","targetHints":{"allow":["GET"]}}],"collection":[{"href":"https:\/\/radio-aviva.com\/perpignan\/wp-json\/wp\/v2\/podcast"}],"about":[{"href":"https:\/\/radio-aviva.com\/perpignan\/wp-json\/wp\/v2\/types\/podcast"}],"author":[{"embeddable":true,"href":"https:\/\/radio-aviva.com\/perpignan\/wp-json\/wp\/v2\/users\/1"}],"version-history":[{"count":1,"href":"https:\/\/radio-aviva.com\/perpignan\/wp-json\/wp\/v2\/podcast\/10026\/revisions"}],"predecessor-version":[{"id":10032,"href":"https:\/\/radio-aviva.com\/perpignan\/wp-json\/wp\/v2\/podcast\/10026\/revisions\/10032"}],"wp:featuredmedia":[{"embeddable":true,"href":"https:\/\/radio-aviva.com\/perpignan\/wp-json\/wp\/v2\/media\/10031"}],"wp:attachment":[{"href":"https:\/\/radio-aviva.com\/perpignan\/wp-json\/wp\/v2\/media?parent=10026"}],"wp:term":[{"taxonomy":"post_tag","embeddable":true,"href":"https:\/\/radio-aviva.com\/perpignan\/wp-json\/wp\/v2\/tags?post=10026"},{"taxonomy":"podcastfilter","embeddable":true,"href":"https:\/\/radio-aviva.com\/perpignan\/wp-json\/wp\/v2\/podcastfilter?post=10026"}],"curies":[{"name":"wp","href":"https:\/\/api.w.org\/{rel}","templated":true}]}}

<p>Le festival HUTOPI c’est sur 4 jours consécutifs à l&rsquo;ancien lycée Al Sol/Greta de Catalogne qui dévoilera ses mille facettes ! Une multitude d&rsquo;activités seront proposées à un large public autour des arts de rue, du lien, de l&rsquo;invention, du bien-être, de la musique, du bien vivre et du mieux consommer…</p>
