{"id":10082,"date":"2024-10-08T15:25:12","date_gmt":"2024-10-08T13:25:12","guid":{"rendered":"https:\/\/radio-aviva.com\/perpignan\/?post_type=podcast&#038;p=10082"},"modified":"2024-10-08T15:25:12","modified_gmt":"2024-10-08T13:25:12","slug":"campus-avec-liliane-dray-diplomes-grandes-ecoles","status":"publish","type":"podcast","link":"https:\/\/radio-aviva.com\/perpignan\/podcast\/campus-avec-liliane-dray-diplomes-grandes-ecoles\/","title":{"rendered":"Campus avec Liliane Dray &#8211; Diplomes Grandes Ecoles"},"content":{"rendered":"<p>Nous allons dans ce campus parler de l\u2019enqu\u00eate de la Conf\u00e9rence des Grandes Ecoles, destin\u00e9e \u00e0<\/p>\n<p>mesurer l\u2019employabilit\u00e9 des dipl\u00f4m\u00e9s des Grandes \u00e9coles.<\/p>\n<p>&#8211; Que pointe cette enqu\u00eate en particulier ?<\/p>\n<p>&#8211; Pour les dipl\u00f4m\u00e9s, est-ce que les conditions de recrutement sont bonnes ?<\/p>\n<p>&#8211; Voyons si ces excellentes conditions de recrutement ne r\u00e9v\u00e8lent pas des in\u00e9galit\u00e9s ?<\/p>\n<p>&#8211; Dans quels secteurs d\u2019activit\u00e9 Les dipl\u00f4m\u00e9s se concentrent-ils ?<\/p>\n<p>&#8211; Regardons dans cette enqu\u00eate, la r\u00e9partition g\u00e9ographique des emplois, que constate-t-on ?<\/p>\n<p>&#8211; On n\u2019oublie pas les apprentis dipl\u00f4m\u00e9s des grandes \u00e9coles\u2026quelles sont pour eux les conditions<\/p>\n<p>d\u2019embauche ?<\/p>\n<p>Vous pouvez retrouver l\u2019int\u00e9gralit\u00e9 de cette Enqu\u00eate insertion des dipl\u00f4m\u00e9s grandes \u00e9coles :<\/p>\n","protected":false},"author":1,"featured_media":8857,"template":"","tags":[],"podcastfilter":[147,315,87,108,109],"class_list":["post-10082","podcast","type-podcast","status-publish","has-post-thumbnail","hentry","podcastfilter-campus","podcastfilter-ecole","podcastfilter-montpellier","podcastfilter-nimes","podcastfilter-perpignan"],"_links":{"self":[{"href":"https:\/\/radio-aviva.com\/perpignan\/wp-json\/wp\/v2\/podcast\/10082","targetHints":{"allow":["GET"]}}],"collection":[{"href":"https:\/\/radio-aviva.com\/perpignan\/wp-json\/wp\/v2\/podcast"}],"about":[{"href":"https:\/\/radio-aviva.com\/perpignan\/wp-json\/wp\/v2\/types\/podcast"}],"author":[{"embeddable":true,"href":"https:\/\/radio-aviva.com\/perpignan\/wp-json\/wp\/v2\/users\/1"}],"version-history":[{"count":1,"href":"https:\/\/radio-aviva.com\/perpignan\/wp-json\/wp\/v2\/podcast\/10082\/revisions"}],"predecessor-version":[{"id":10083,"href":"https:\/\/radio-aviva.com\/perpignan\/wp-json\/wp\/v2\/podcast\/10082\/revisions\/10083"}],"wp:featuredmedia":[{"embeddable":true,"href":"https:\/\/radio-aviva.com\/perpignan\/wp-json\/wp\/v2\/media\/8857"}],"wp:attachment":[{"href":"https:\/\/radio-aviva.com\/perpignan\/wp-json\/wp\/v2\/media?parent=10082"}],"wp:term":[{"taxonomy":"post_tag","embeddable":true,"href":"https:\/\/radio-aviva.com\/perpignan\/wp-json\/wp\/v2\/tags?post=10082"},{"taxonomy":"podcastfilter","embeddable":true,"href":"https:\/\/radio-aviva.com\/perpignan\/wp-json\/wp\/v2\/podcastfilter?post=10082"}],"curies":[{"name":"wp","href":"https:\/\/api.w.org\/{rel}","templated":true}]}}

<p>Nous allons dans ce campus parler de l’enquête de la Conférence des Grandes Ecoles, destinée à</p>
<p>mesurer l’employabilité des diplômés des Grandes écoles.</p>
<p>&#8211; Que pointe cette enquête en particulier ?</p>
<p>&#8211; Pour les diplômés, est-ce que les conditions de recrutement sont bonnes ?</p>
<p>&#8211; Voyons si ces excellentes conditions de recrutement ne révèlent pas des inégalités ?</p>
<p>&#8211; Dans quels secteurs d’activité Les diplômés se concentrent-ils ?</p>
<p>&#8211; Regardons dans cette enquête, la répartition géographique des emplois, que constate-t-on ?</p>
<p>&#8211; On n’oublie pas les apprentis diplômés des grandes écoles…quelles sont pour eux les conditions</p>
<p>d’embauche ?</p>
<p>Vous pouvez retrouver l’intégralité de cette Enquête insertion des diplômés grandes écoles :</p>
