{"id":10092,"date":"2024-10-10T10:00:12","date_gmt":"2024-10-10T08:00:12","guid":{"rendered":"https:\/\/radio-aviva.com\/perpignan\/?post_type=podcast&#038;p=10092"},"modified":"2024-10-09T10:25:35","modified_gmt":"2024-10-09T08:25:35","slug":"programmation-du-theatre-de-larchipel-jackie-surjus-collet-directrice","status":"publish","type":"podcast","link":"https:\/\/radio-aviva.com\/perpignan\/podcast\/programmation-du-theatre-de-larchipel-jackie-surjus-collet-directrice\/","title":{"rendered":"Programmation du Th\u00e9\u00e2tre de l&rsquo;Archipel &#8211; Jackie SURJUS-COLLET, Directrice"},"content":{"rendered":"<p>Dans cette \u00e9mission nous recevons Jackie Surjus-Collet directrice adjointe du th\u00e9\u00e2tre de l\u2019Archipel qui vient nous pr\u00e9senter la saison artistique 2024\/2025 du Th\u00e9\u00e2tre, au micro de Jean DUSTOU.<\/p>\n","protected":false},"author":1,"featured_media":9557,"template":"","tags":[],"podcastfilter":[272,150,152,131],"class_list":["post-10092","podcast","type-podcast","status-publish","has-post-thumbnail","hentry","podcastfilter-culture","podcastfilter-entracte","podcastfilter-lien-social","podcastfilter-theatre"],"_links":{"self":[{"href":"https:\/\/radio-aviva.com\/perpignan\/wp-json\/wp\/v2\/podcast\/10092","targetHints":{"allow":["GET"]}}],"collection":[{"href":"https:\/\/radio-aviva.com\/perpignan\/wp-json\/wp\/v2\/podcast"}],"about":[{"href":"https:\/\/radio-aviva.com\/perpignan\/wp-json\/wp\/v2\/types\/podcast"}],"author":[{"embeddable":true,"href":"https:\/\/radio-aviva.com\/perpignan\/wp-json\/wp\/v2\/users\/1"}],"version-history":[{"count":1,"href":"https:\/\/radio-aviva.com\/perpignan\/wp-json\/wp\/v2\/podcast\/10092\/revisions"}],"predecessor-version":[{"id":10093,"href":"https:\/\/radio-aviva.com\/perpignan\/wp-json\/wp\/v2\/podcast\/10092\/revisions\/10093"}],"wp:featuredmedia":[{"embeddable":true,"href":"https:\/\/radio-aviva.com\/perpignan\/wp-json\/wp\/v2\/media\/9557"}],"wp:attachment":[{"href":"https:\/\/radio-aviva.com\/perpignan\/wp-json\/wp\/v2\/media?parent=10092"}],"wp:term":[{"taxonomy":"post_tag","embeddable":true,"href":"https:\/\/radio-aviva.com\/perpignan\/wp-json\/wp\/v2\/tags?post=10092"},{"taxonomy":"podcastfilter","embeddable":true,"href":"https:\/\/radio-aviva.com\/perpignan\/wp-json\/wp\/v2\/podcastfilter?post=10092"}],"curies":[{"name":"wp","href":"https:\/\/api.w.org\/{rel}","templated":true}]}}

Programmation du Théâtre de l&rsquo;Archipel &#8211; Jackie SURJUS-COLLET, Directrice

<p>Dans cette émission nous recevons Jackie Surjus-Collet directrice adjointe du théâtre de l’Archipel qui vient nous présenter la saison artistique 2024/2025 du Théâtre, au micro de Jean DUSTOU.</p>
