{"id":10100,"date":"2024-10-16T13:45:14","date_gmt":"2024-10-16T11:45:14","guid":{"rendered":"https:\/\/radio-aviva.com\/perpignan\/?post_type=podcast&#038;p=10100"},"modified":"2024-10-18T10:23:53","modified_gmt":"2024-10-18T08:23:53","slug":"programmation-du-musee-de-tautavel-david-angelats-responsable-de-la-communication","status":"publish","type":"podcast","link":"https:\/\/radio-aviva.com\/perpignan\/podcast\/programmation-du-musee-de-tautavel-david-angelats-responsable-de-la-communication\/","title":{"rendered":"Programmation du Mus\u00e9e de Tautavel &#8211; David Angelats, Responsable de la Communication"},"content":{"rendered":"<p>Dans cette \u00e9mission nous recevons David ANGELATS au micro de Jean DUSTOU qui vient nous parler de la programmation du mus\u00e9e de Pr\u00e9histoire de Tautavel pour les vacances d\u2019Automne.<\/p>\n","protected":false},"author":1,"featured_media":9535,"template":"","tags":[],"podcastfilter":[170,165,144,284],"class_list":["post-10100","podcast","type-podcast","status-publish","has-post-thumbnail","hentry","podcastfilter-actions-culturelles","podcastfilter-culture-compagnie","podcastfilter-histoire","podcastfilter-musee"],"_links":{"self":[{"href":"https:\/\/radio-aviva.com\/perpignan\/wp-json\/wp\/v2\/podcast\/10100","targetHints":{"allow":["GET"]}}],"collection":[{"href":"https:\/\/radio-aviva.com\/perpignan\/wp-json\/wp\/v2\/podcast"}],"about":[{"href":"https:\/\/radio-aviva.com\/perpignan\/wp-json\/wp\/v2\/types\/podcast"}],"author":[{"embeddable":true,"href":"https:\/\/radio-aviva.com\/perpignan\/wp-json\/wp\/v2\/users\/1"}],"version-history":[{"count":3,"href":"https:\/\/radio-aviva.com\/perpignan\/wp-json\/wp\/v2\/podcast\/10100\/revisions"}],"predecessor-version":[{"id":10216,"href":"https:\/\/radio-aviva.com\/perpignan\/wp-json\/wp\/v2\/podcast\/10100\/revisions\/10216"}],"wp:featuredmedia":[{"embeddable":true,"href":"https:\/\/radio-aviva.com\/perpignan\/wp-json\/wp\/v2\/media\/9535"}],"wp:attachment":[{"href":"https:\/\/radio-aviva.com\/perpignan\/wp-json\/wp\/v2\/media?parent=10100"}],"wp:term":[{"taxonomy":"post_tag","embeddable":true,"href":"https:\/\/radio-aviva.com\/perpignan\/wp-json\/wp\/v2\/tags?post=10100"},{"taxonomy":"podcastfilter","embeddable":true,"href":"https:\/\/radio-aviva.com\/perpignan\/wp-json\/wp\/v2\/podcastfilter?post=10100"}],"curies":[{"name":"wp","href":"https:\/\/api.w.org\/{rel}","templated":true}]}}

Programmation du Musée de Tautavel &#8211; David Angelats, Responsable de la Communication

<p>Dans cette émission nous recevons David ANGELATS au micro de Jean DUSTOU qui vient nous parler de la programmation du musée de Préhistoire de Tautavel pour les vacances d’Automne.</p>
