{"id":10114,"date":"2024-10-15T13:55:13","date_gmt":"2024-10-15T11:55:13","guid":{"rendered":"https:\/\/radio-aviva.com\/perpignan\/?post_type=podcast&#038;p=10114"},"modified":"2024-10-18T10:28:28","modified_gmt":"2024-10-18T08:28:28","slug":"journee-mondiale-de-la-vue-valerie-simorre-ophtamologue","status":"publish","type":"podcast","link":"https:\/\/radio-aviva.com\/perpignan\/podcast\/journee-mondiale-de-la-vue-valerie-simorre-ophtamologue\/","title":{"rendered":"Journ\u00e9e Mondiale de la Vue  &#8211; Val\u00e9rie Simorre, Ophtalmologue"},"content":{"rendered":"<p>Le Dr Val\u00e9rie SIMORRE, ophtalmologue organise une journ\u00e9e de d\u00e9pistage gratuits et pour tous le 16 octobre \u00e0 la Clinique Mutualiste Catalane de Perpignan.<\/p>\n<p>Le but est d&rsquo;inciter a se faire d\u00e9pister contre la DMLA (D\u00e9g\u00e9n\u00e9rescence Maculaire li\u00e9e \u00e0 l&rsquo;Age) et la R\u00e9tinopathie Diab\u00e9tique.<\/p>\n<p>A cette occasion une exp\u00e9rience immersive vous sera propos\u00e9e.<\/p>\n","protected":false},"author":1,"featured_media":10217,"template":"","tags":[],"podcastfilter":[295,109,186,119],"class_list":["post-10114","podcast","type-podcast","status-publish","has-post-thumbnail","hentry","podcastfilter-medecine","podcastfilter-perpignan","podcastfilter-pyrenees-orientales-2","podcastfilter-sante"],"_links":{"self":[{"href":"https:\/\/radio-aviva.com\/perpignan\/wp-json\/wp\/v2\/podcast\/10114","targetHints":{"allow":["GET"]}}],"collection":[{"href":"https:\/\/radio-aviva.com\/perpignan\/wp-json\/wp\/v2\/podcast"}],"about":[{"href":"https:\/\/radio-aviva.com\/perpignan\/wp-json\/wp\/v2\/types\/podcast"}],"author":[{"embeddable":true,"href":"https:\/\/radio-aviva.com\/perpignan\/wp-json\/wp\/v2\/users\/1"}],"version-history":[{"count":5,"href":"https:\/\/radio-aviva.com\/perpignan\/wp-json\/wp\/v2\/podcast\/10114\/revisions"}],"predecessor-version":[{"id":10225,"href":"https:\/\/radio-aviva.com\/perpignan\/wp-json\/wp\/v2\/podcast\/10114\/revisions\/10225"}],"wp:featuredmedia":[{"embeddable":true,"href":"https:\/\/radio-aviva.com\/perpignan\/wp-json\/wp\/v2\/media\/10217"}],"wp:attachment":[{"href":"https:\/\/radio-aviva.com\/perpignan\/wp-json\/wp\/v2\/media?parent=10114"}],"wp:term":[{"taxonomy":"post_tag","embeddable":true,"href":"https:\/\/radio-aviva.com\/perpignan\/wp-json\/wp\/v2\/tags?post=10114"},{"taxonomy":"podcastfilter","embeddable":true,"href":"https:\/\/radio-aviva.com\/perpignan\/wp-json\/wp\/v2\/podcastfilter?post=10114"}],"curies":[{"name":"wp","href":"https:\/\/api.w.org\/{rel}","templated":true}]}}

Journée Mondiale de la Vue  &#8211; Valérie Simorre, Ophtalmologue

<p>Le Dr Valérie SIMORRE, ophtalmologue organise une journée de dépistage gratuits et pour tous le 16 octobre à la Clinique Mutualiste Catalane de Perpignan.</p>
<p>Le but est d&rsquo;inciter a se faire dépister contre la DMLA (Dégénérescence Maculaire liée à l&rsquo;Age) et la Rétinopathie Diabétique.</p>
<p>A cette occasion une expérience immersive vous sera proposée.</p>
