{"id":10174,"date":"2024-12-17T17:15:21","date_gmt":"2024-12-17T16:15:21","guid":{"rendered":"https:\/\/radio-aviva.com\/perpignan\/?post_type=podcast&#038;p=10174"},"modified":"2024-10-18T10:35:43","modified_gmt":"2024-10-18T08:35:43","slug":"regard-croises-emmanuelle-conseillere-emploie","status":"publish","type":"podcast","link":"https:\/\/radio-aviva.com\/perpignan\/podcast\/regard-croises-emmanuelle-conseillere-emploie\/","title":{"rendered":"Regard Crois\u00e9s &#8211; Emmanuelle, Conseill\u00e8re Emploi, France Travail"},"content":{"rendered":"<p>Emmanuelle conseill\u00e8re emploi chez France Travail fait un focus sur la prestation regards crois\u00e9s<\/p>\n","protected":false},"author":1,"featured_media":9006,"template":"","tags":[],"podcastfilter":[299,308,109,186],"class_list":["post-10174","podcast","type-podcast","status-publish","has-post-thumbnail","hentry","podcastfilter-emploi-formations","podcastfilter-france-travail","podcastfilter-perpignan","podcastfilter-pyrenees-orientales-2"],"_links":{"self":[{"href":"https:\/\/radio-aviva.com\/perpignan\/wp-json\/wp\/v2\/podcast\/10174","targetHints":{"allow":["GET"]}}],"collection":[{"href":"https:\/\/radio-aviva.com\/perpignan\/wp-json\/wp\/v2\/podcast"}],"about":[{"href":"https:\/\/radio-aviva.com\/perpignan\/wp-json\/wp\/v2\/types\/podcast"}],"author":[{"embeddable":true,"href":"https:\/\/radio-aviva.com\/perpignan\/wp-json\/wp\/v2\/users\/1"}],"version-history":[{"count":4,"href":"https:\/\/radio-aviva.com\/perpignan\/wp-json\/wp\/v2\/podcast\/10174\/revisions"}],"predecessor-version":[{"id":10232,"href":"https:\/\/radio-aviva.com\/perpignan\/wp-json\/wp\/v2\/podcast\/10174\/revisions\/10232"}],"wp:featuredmedia":[{"embeddable":true,"href":"https:\/\/radio-aviva.com\/perpignan\/wp-json\/wp\/v2\/media\/9006"}],"wp:attachment":[{"href":"https:\/\/radio-aviva.com\/perpignan\/wp-json\/wp\/v2\/media?parent=10174"}],"wp:term":[{"taxonomy":"post_tag","embeddable":true,"href":"https:\/\/radio-aviva.com\/perpignan\/wp-json\/wp\/v2\/tags?post=10174"},{"taxonomy":"podcastfilter","embeddable":true,"href":"https:\/\/radio-aviva.com\/perpignan\/wp-json\/wp\/v2\/podcastfilter?post=10174"}],"curies":[{"name":"wp","href":"https:\/\/api.w.org\/{rel}","templated":true}]}}

Regard Croisés &#8211; Emmanuelle, Conseillère Emploi, France Travail

<p>Emmanuelle conseillère emploi chez France Travail fait un focus sur la prestation regards croisés</p>
