{"id":10240,"date":"2024-12-24T17:15:41","date_gmt":"2024-12-24T16:15:41","guid":{"rendered":"https:\/\/radio-aviva.com\/perpignan\/?post_type=podcast&#038;p=10240"},"modified":"2024-10-18T13:45:05","modified_gmt":"2024-10-18T11:45:05","slug":"parcours-emploi-sante-julia-conseillere-emploi-emmanuelle-conseillere-emploi","status":"publish","type":"podcast","link":"https:\/\/radio-aviva.com\/perpignan\/podcast\/parcours-emploi-sante-julia-conseillere-emploi-emmanuelle-conseillere-emploi\/","title":{"rendered":"Parcours Emploi Sant\u00e9 &#8211; Julia, Conseill\u00e8re Emploi, Emmanuelle, Conseill\u00e8re Emploi"},"content":{"rendered":"<p>Julia et Emmanuelle conseill\u00e8res emploi chez France Travail nous pr\u00e9sentent le parcours emploi Sant\u00e9.<\/p>\n","protected":false},"author":1,"featured_media":9006,"template":"","tags":[],"podcastfilter":[299,308,109,186],"class_list":["post-10240","podcast","type-podcast","status-publish","has-post-thumbnail","hentry","podcastfilter-emploi-formations","podcastfilter-france-travail","podcastfilter-perpignan","podcastfilter-pyrenees-orientales-2"],"_links":{"self":[{"href":"https:\/\/radio-aviva.com\/perpignan\/wp-json\/wp\/v2\/podcast\/10240","targetHints":{"allow":["GET"]}}],"collection":[{"href":"https:\/\/radio-aviva.com\/perpignan\/wp-json\/wp\/v2\/podcast"}],"about":[{"href":"https:\/\/radio-aviva.com\/perpignan\/wp-json\/wp\/v2\/types\/podcast"}],"author":[{"embeddable":true,"href":"https:\/\/radio-aviva.com\/perpignan\/wp-json\/wp\/v2\/users\/1"}],"version-history":[{"count":1,"href":"https:\/\/radio-aviva.com\/perpignan\/wp-json\/wp\/v2\/podcast\/10240\/revisions"}],"predecessor-version":[{"id":10241,"href":"https:\/\/radio-aviva.com\/perpignan\/wp-json\/wp\/v2\/podcast\/10240\/revisions\/10241"}],"wp:featuredmedia":[{"embeddable":true,"href":"https:\/\/radio-aviva.com\/perpignan\/wp-json\/wp\/v2\/media\/9006"}],"wp:attachment":[{"href":"https:\/\/radio-aviva.com\/perpignan\/wp-json\/wp\/v2\/media?parent=10240"}],"wp:term":[{"taxonomy":"post_tag","embeddable":true,"href":"https:\/\/radio-aviva.com\/perpignan\/wp-json\/wp\/v2\/tags?post=10240"},{"taxonomy":"podcastfilter","embeddable":true,"href":"https:\/\/radio-aviva.com\/perpignan\/wp-json\/wp\/v2\/podcastfilter?post=10240"}],"curies":[{"name":"wp","href":"https:\/\/api.w.org\/{rel}","templated":true}]}}

Parcours Emploi Santé &#8211; Julia, Conseillère Emploi, Emmanuelle, Conseillère Emploi

<p>Julia et Emmanuelle conseillères emploi chez France Travail nous présentent le parcours emploi Santé.</p>
