{"id":10246,"date":"2025-01-14T17:15:35","date_gmt":"2025-01-14T16:15:35","guid":{"rendered":"https:\/\/radio-aviva.com\/perpignan\/?post_type=podcast&#038;p=10246"},"modified":"2024-10-18T14:46:19","modified_gmt":"2024-10-18T12:46:19","slug":"espace-recruteur-florence-gaetan-conseillers-entreprise","status":"publish","type":"podcast","link":"https:\/\/radio-aviva.com\/perpignan\/podcast\/espace-recruteur-florence-gaetan-conseillers-entreprise\/","title":{"rendered":"Espace Recruteur &#8211; Florence, Ga\u00ebtan, Conseillers Entreprise"},"content":{"rendered":"<p>Aujourd&rsquo;hui Florence et Ga\u00ebtan, conseillers entreprises chez France Travail nous pr\u00e9sentent \u00ab\u00a0l&rsquo;espace recruteur\u00a0\u00bb.<\/p>\n","protected":false},"author":1,"featured_media":9006,"template":"","tags":[],"podcastfilter":[299,308,109,186],"class_list":["post-10246","podcast","type-podcast","status-publish","has-post-thumbnail","hentry","podcastfilter-emploi-formations","podcastfilter-france-travail","podcastfilter-perpignan","podcastfilter-pyrenees-orientales-2"],"_links":{"self":[{"href":"https:\/\/radio-aviva.com\/perpignan\/wp-json\/wp\/v2\/podcast\/10246","targetHints":{"allow":["GET"]}}],"collection":[{"href":"https:\/\/radio-aviva.com\/perpignan\/wp-json\/wp\/v2\/podcast"}],"about":[{"href":"https:\/\/radio-aviva.com\/perpignan\/wp-json\/wp\/v2\/types\/podcast"}],"author":[{"embeddable":true,"href":"https:\/\/radio-aviva.com\/perpignan\/wp-json\/wp\/v2\/users\/1"}],"version-history":[{"count":1,"href":"https:\/\/radio-aviva.com\/perpignan\/wp-json\/wp\/v2\/podcast\/10246\/revisions"}],"predecessor-version":[{"id":10247,"href":"https:\/\/radio-aviva.com\/perpignan\/wp-json\/wp\/v2\/podcast\/10246\/revisions\/10247"}],"wp:featuredmedia":[{"embeddable":true,"href":"https:\/\/radio-aviva.com\/perpignan\/wp-json\/wp\/v2\/media\/9006"}],"wp:attachment":[{"href":"https:\/\/radio-aviva.com\/perpignan\/wp-json\/wp\/v2\/media?parent=10246"}],"wp:term":[{"taxonomy":"post_tag","embeddable":true,"href":"https:\/\/radio-aviva.com\/perpignan\/wp-json\/wp\/v2\/tags?post=10246"},{"taxonomy":"podcastfilter","embeddable":true,"href":"https:\/\/radio-aviva.com\/perpignan\/wp-json\/wp\/v2\/podcastfilter?post=10246"}],"curies":[{"name":"wp","href":"https:\/\/api.w.org\/{rel}","templated":true}]}}

Espace Recruteur &#8211; Florence, Gaëtan, Conseillers Entreprise

<p>Aujourd&rsquo;hui Florence et Gaëtan, conseillers entreprises chez France Travail nous présentent « l&rsquo;espace recruteur ».</p>
