{"id":10250,"date":"2024-10-29T17:15:21","date_gmt":"2024-10-29T16:15:21","guid":{"rendered":"https:\/\/radio-aviva.com\/perpignan\/?post_type=podcast&#038;p=10250"},"modified":"2024-10-18T15:39:18","modified_gmt":"2024-10-18T13:39:18","slug":"semaine-agro-alimentaire-geraldine-france-travail","status":"publish","type":"podcast","link":"https:\/\/radio-aviva.com\/perpignan\/podcast\/semaine-agro-alimentaire-geraldine-france-travail\/","title":{"rendered":"Semaine Agro Alimentaire &#8211; G\u00e9raldine, France Travail"},"content":{"rendered":"<p>Aujourd&rsquo;hui G\u00e9raldine de France Travail viens nous pr\u00e9senter la \u00ab\u00a0semaine des m\u00e9tiers de l&rsquo;industrie agro alimentaire\u00a0\u00bb.<\/p>\n","protected":false},"author":1,"featured_media":9006,"template":"","tags":[],"podcastfilter":[299,308,109,186],"class_list":["post-10250","podcast","type-podcast","status-publish","has-post-thumbnail","hentry","podcastfilter-emploi-formations","podcastfilter-france-travail","podcastfilter-perpignan","podcastfilter-pyrenees-orientales-2"],"_links":{"self":[{"href":"https:\/\/radio-aviva.com\/perpignan\/wp-json\/wp\/v2\/podcast\/10250","targetHints":{"allow":["GET"]}}],"collection":[{"href":"https:\/\/radio-aviva.com\/perpignan\/wp-json\/wp\/v2\/podcast"}],"about":[{"href":"https:\/\/radio-aviva.com\/perpignan\/wp-json\/wp\/v2\/types\/podcast"}],"author":[{"embeddable":true,"href":"https:\/\/radio-aviva.com\/perpignan\/wp-json\/wp\/v2\/users\/1"}],"version-history":[{"count":1,"href":"https:\/\/radio-aviva.com\/perpignan\/wp-json\/wp\/v2\/podcast\/10250\/revisions"}],"predecessor-version":[{"id":10251,"href":"https:\/\/radio-aviva.com\/perpignan\/wp-json\/wp\/v2\/podcast\/10250\/revisions\/10251"}],"wp:featuredmedia":[{"embeddable":true,"href":"https:\/\/radio-aviva.com\/perpignan\/wp-json\/wp\/v2\/media\/9006"}],"wp:attachment":[{"href":"https:\/\/radio-aviva.com\/perpignan\/wp-json\/wp\/v2\/media?parent=10250"}],"wp:term":[{"taxonomy":"post_tag","embeddable":true,"href":"https:\/\/radio-aviva.com\/perpignan\/wp-json\/wp\/v2\/tags?post=10250"},{"taxonomy":"podcastfilter","embeddable":true,"href":"https:\/\/radio-aviva.com\/perpignan\/wp-json\/wp\/v2\/podcastfilter?post=10250"}],"curies":[{"name":"wp","href":"https:\/\/api.w.org\/{rel}","templated":true}]}}

Semaine Agro Alimentaire &#8211; Géraldine, France Travail

<p>Aujourd&rsquo;hui Géraldine de France Travail viens nous présenter la « semaine des métiers de l&rsquo;industrie agro alimentaire ».</p>
