{"id":10254,"date":"2024-10-24T13:55:46","date_gmt":"2024-10-24T11:55:46","guid":{"rendered":"https:\/\/radio-aviva.com\/perpignan\/?post_type=podcast&#038;p=10254"},"modified":"2024-10-21T09:28:56","modified_gmt":"2024-10-21T07:28:56","slug":"les-bruixes-marion-foisser-responsable-digital","status":"publish","type":"podcast","link":"https:\/\/radio-aviva.com\/perpignan\/podcast\/les-bruixes-marion-foisser-responsable-digital\/","title":{"rendered":"Les Bruixes &#8211; Marion Foissier, Responsable Digital et Marketing"},"content":{"rendered":"<p>Le jeudi 31 octobre, dans le Centre ville de Perpignan, c\u2019est Halloween ! Plongez dans l&rsquo;ambiance envo\u00fbtante du centre historique. Peurs et frissons pour grands et petits sont garantis ! En monstres, fant\u00f4mes, vampires, ou sorci\u00e8res, tous les d\u00e9guisements seront les bienvenus.<\/p>\n","protected":false},"author":1,"featured_media":10255,"template":"","tags":[],"podcastfilter":[171,165,109,186,200],"class_list":["post-10254","podcast","type-podcast","status-publish","has-post-thumbnail","hentry","podcastfilter-ateliers","podcastfilter-culture-compagnie","podcastfilter-perpignan","podcastfilter-pyrenees-orientales-2","podcastfilter-spectacle"],"_links":{"self":[{"href":"https:\/\/radio-aviva.com\/perpignan\/wp-json\/wp\/v2\/podcast\/10254","targetHints":{"allow":["GET"]}}],"collection":[{"href":"https:\/\/radio-aviva.com\/perpignan\/wp-json\/wp\/v2\/podcast"}],"about":[{"href":"https:\/\/radio-aviva.com\/perpignan\/wp-json\/wp\/v2\/types\/podcast"}],"author":[{"embeddable":true,"href":"https:\/\/radio-aviva.com\/perpignan\/wp-json\/wp\/v2\/users\/1"}],"version-history":[{"count":4,"href":"https:\/\/radio-aviva.com\/perpignan\/wp-json\/wp\/v2\/podcast\/10254\/revisions"}],"predecessor-version":[{"id":10259,"href":"https:\/\/radio-aviva.com\/perpignan\/wp-json\/wp\/v2\/podcast\/10254\/revisions\/10259"}],"wp:featuredmedia":[{"embeddable":true,"href":"https:\/\/radio-aviva.com\/perpignan\/wp-json\/wp\/v2\/media\/10255"}],"wp:attachment":[{"href":"https:\/\/radio-aviva.com\/perpignan\/wp-json\/wp\/v2\/media?parent=10254"}],"wp:term":[{"taxonomy":"post_tag","embeddable":true,"href":"https:\/\/radio-aviva.com\/perpignan\/wp-json\/wp\/v2\/tags?post=10254"},{"taxonomy":"podcastfilter","embeddable":true,"href":"https:\/\/radio-aviva.com\/perpignan\/wp-json\/wp\/v2\/podcastfilter?post=10254"}],"curies":[{"name":"wp","href":"https:\/\/api.w.org\/{rel}","templated":true}]}}

<p>Le jeudi 31 octobre, dans le Centre ville de Perpignan, c’est Halloween ! Plongez dans l&rsquo;ambiance envoûtante du centre historique. Peurs et frissons pour grands et petits sont garantis ! En monstres, fantômes, vampires, ou sorcières, tous les déguisements seront les bienvenus.</p>
