{"id":10262,"date":"2024-11-05T13:55:27","date_gmt":"2024-11-05T12:55:27","guid":{"rendered":"https:\/\/radio-aviva.com\/perpignan\/?post_type=podcast&#038;p=10262"},"modified":"2024-10-21T16:32:40","modified_gmt":"2024-10-21T14:32:40","slug":"asso-info-jeune-66-angelique-marty-chargee-de-missions","status":"publish","type":"podcast","link":"https:\/\/radio-aviva.com\/perpignan\/podcast\/asso-info-jeune-66-angelique-marty-chargee-de-missions\/","title":{"rendered":"Asso Info Jeune 66 &#8211; Ang\u00e9lique Marty, Charg\u00e9e de Missions"},"content":{"rendered":"<p>Ang\u00e9lique MARTY et Valentine TIXADOR viennent nous pr\u00e9senter l\u2019association Info Jeune 66. Son r\u00f4le est d&rsquo;informer les jeunes de 11 \u00e0 30 ans sur tous les sujets susceptibles de les int\u00e9resser.<\/p>\n","protected":false},"author":1,"featured_media":9953,"template":"","tags":[],"podcastfilter":[190,314,109,186],"class_list":["post-10262","podcast","type-podcast","status-publish","has-post-thumbnail","hentry","podcastfilter-association","podcastfilter-la-voix-des-assos","podcastfilter-perpignan","podcastfilter-pyrenees-orientales-2"],"_links":{"self":[{"href":"https:\/\/radio-aviva.com\/perpignan\/wp-json\/wp\/v2\/podcast\/10262","targetHints":{"allow":["GET"]}}],"collection":[{"href":"https:\/\/radio-aviva.com\/perpignan\/wp-json\/wp\/v2\/podcast"}],"about":[{"href":"https:\/\/radio-aviva.com\/perpignan\/wp-json\/wp\/v2\/types\/podcast"}],"author":[{"embeddable":true,"href":"https:\/\/radio-aviva.com\/perpignan\/wp-json\/wp\/v2\/users\/1"}],"version-history":[{"count":1,"href":"https:\/\/radio-aviva.com\/perpignan\/wp-json\/wp\/v2\/podcast\/10262\/revisions"}],"predecessor-version":[{"id":10263,"href":"https:\/\/radio-aviva.com\/perpignan\/wp-json\/wp\/v2\/podcast\/10262\/revisions\/10263"}],"wp:featuredmedia":[{"embeddable":true,"href":"https:\/\/radio-aviva.com\/perpignan\/wp-json\/wp\/v2\/media\/9953"}],"wp:attachment":[{"href":"https:\/\/radio-aviva.com\/perpignan\/wp-json\/wp\/v2\/media?parent=10262"}],"wp:term":[{"taxonomy":"post_tag","embeddable":true,"href":"https:\/\/radio-aviva.com\/perpignan\/wp-json\/wp\/v2\/tags?post=10262"},{"taxonomy":"podcastfilter","embeddable":true,"href":"https:\/\/radio-aviva.com\/perpignan\/wp-json\/wp\/v2\/podcastfilter?post=10262"}],"curies":[{"name":"wp","href":"https:\/\/api.w.org\/{rel}","templated":true}]}}

Asso Info Jeune 66 &#8211; Angélique Marty, Chargée de Missions

<p>Angélique MARTY et Valentine TIXADOR viennent nous présenter l’association Info Jeune 66. Son rôle est d&rsquo;informer les jeunes de 11 à 30 ans sur tous les sujets susceptibles de les intéresser.</p>
