{"id":10346,"date":"2024-10-30T10:30:16","date_gmt":"2024-10-30T09:30:16","guid":{"rendered":"https:\/\/radio-aviva.com\/perpignan\/?post_type=podcast&#038;p=10346"},"modified":"2024-10-29T13:41:43","modified_gmt":"2024-10-29T12:41:43","slug":"rosette-blanc-je-suis-restee-ferme-comme-un-roc","status":"publish","type":"podcast","link":"https:\/\/radio-aviva.com\/perpignan\/podcast\/rosette-blanc-je-suis-restee-ferme-comme-un-roc\/","title":{"rendered":"Rosette BLANC, je suis rest\u00e9e ferme comme un roc"},"content":{"rendered":"<p>66 femmes des Pyr\u00e9n\u00e9es Orientales : d\u00e9couvrez les 66 destins qui ont marqu\u00e9 notre territoire.<\/p>\n<p>C\u00e9l\u00e8bres ou inconnues, les femmes catalanes ont profond\u00e9ment marqu\u00e9 l&rsquo;histoire et la g\u00e9ographie de la Catalogne Nord et ont transmis un riche h\u00e9ritage, de la pr\u00e9histoire \u00e0 nos jours. Le livre \u00ab\u00a0Matrimoine catalan, 66 femmes\u00a0\u00bb, initi\u00e9 par l&rsquo;association IDEM question de genre les a mises en lumi\u00e8re.<\/p>\n<p>Dans ce portrait, d\u00e9couvrez Rosette BLANC, rest\u00e9e ferme comme un roc !<\/p>\n","protected":false},"author":1,"featured_media":9849,"template":"","tags":[],"podcastfilter":[166,311,319,186],"class_list":["post-10346","podcast","type-podcast","status-publish","has-post-thumbnail","hentry","podcastfilter-femme","podcastfilter-matrimoine","podcastfilter-matrimoine-66","podcastfilter-pyrenees-orientales-2"],"_links":{"self":[{"href":"https:\/\/radio-aviva.com\/perpignan\/wp-json\/wp\/v2\/podcast\/10346","targetHints":{"allow":["GET"]}}],"collection":[{"href":"https:\/\/radio-aviva.com\/perpignan\/wp-json\/wp\/v2\/podcast"}],"about":[{"href":"https:\/\/radio-aviva.com\/perpignan\/wp-json\/wp\/v2\/types\/podcast"}],"author":[{"embeddable":true,"href":"https:\/\/radio-aviva.com\/perpignan\/wp-json\/wp\/v2\/users\/1"}],"version-history":[{"count":1,"href":"https:\/\/radio-aviva.com\/perpignan\/wp-json\/wp\/v2\/podcast\/10346\/revisions"}],"predecessor-version":[{"id":10347,"href":"https:\/\/radio-aviva.com\/perpignan\/wp-json\/wp\/v2\/podcast\/10346\/revisions\/10347"}],"wp:featuredmedia":[{"embeddable":true,"href":"https:\/\/radio-aviva.com\/perpignan\/wp-json\/wp\/v2\/media\/9849"}],"wp:attachment":[{"href":"https:\/\/radio-aviva.com\/perpignan\/wp-json\/wp\/v2\/media?parent=10346"}],"wp:term":[{"taxonomy":"post_tag","embeddable":true,"href":"https:\/\/radio-aviva.com\/perpignan\/wp-json\/wp\/v2\/tags?post=10346"},{"taxonomy":"podcastfilter","embeddable":true,"href":"https:\/\/radio-aviva.com\/perpignan\/wp-json\/wp\/v2\/podcastfilter?post=10346"}],"curies":[{"name":"wp","href":"https:\/\/api.w.org\/{rel}","templated":true}]}}

Rosette BLANC, je suis restée ferme comme un roc

<p>66 femmes des Pyrénées Orientales : découvrez les 66 destins qui ont marqué notre territoire.</p>
<p>Célèbres ou inconnues, les femmes catalanes ont profondément marqué l&rsquo;histoire et la géographie de la Catalogne Nord et ont transmis un riche héritage, de la préhistoire à nos jours. Le livre « Matrimoine catalan, 66 femmes », initié par l&rsquo;association IDEM question de genre les a mises en lumière.</p>
<p>Dans ce portrait, découvrez Rosette BLANC, restée ferme comme un roc !</p>
