{"id":10370,"date":"2024-11-05T10:00:37","date_gmt":"2024-11-05T09:00:37","guid":{"rendered":"https:\/\/radio-aviva.com\/perpignan\/?post_type=podcast&#038;p=10370"},"modified":"2024-10-30T11:53:11","modified_gmt":"2024-10-30T10:53:11","slug":"salon-du-chocolat-et-de-lartisanat-robert-barajas-grand-caraque-jean-marie-garrigue-patissier-chocolatier","status":"publish","type":"podcast","link":"https:\/\/radio-aviva.com\/perpignan\/podcast\/salon-du-chocolat-et-de-lartisanat-robert-barajas-grand-caraque-jean-marie-garrigue-patissier-chocolatier\/","title":{"rendered":"Salon du chocolat et de l&rsquo;artisanat &#8211; Robert BARAJAS, grand caraque, Jean-Marie GARRIGUE, p\u00e2tissier chocolatier"},"content":{"rendered":"<p>\u00c0 l\u2019occasion du Salon du Chocolat et de l\u2019artisanat gourmand, la Confr\u00e9rie des Chocolatiers Catalans vous propose de participer en famille \u00e0 \u00ab Faites un g\u00e2teau \u00bb.<\/p>\n<p>Pour pr\u00e9senter cette \u00e9dition 2024 du Salon du Chocolat et de l&rsquo;artisanat gourmand nous recevons Robert BARAJAS Grand Caraque de la confr\u00e9rie des chocolatiers catalans et Jean-Marie GARRIGUE qui est P\u00e2tissier chocolatier au micro de Jean DUSTOU.<\/p>\n","protected":false},"author":1,"featured_media":10371,"template":"","tags":[],"podcastfilter":[272,255,154,186],"class_list":["post-10370","podcast","type-podcast","status-publish","has-post-thumbnail","hentry","podcastfilter-culture","podcastfilter-evenement","podcastfilter-gastronomie","podcastfilter-pyrenees-orientales-2"],"_links":{"self":[{"href":"https:\/\/radio-aviva.com\/perpignan\/wp-json\/wp\/v2\/podcast\/10370","targetHints":{"allow":["GET"]}}],"collection":[{"href":"https:\/\/radio-aviva.com\/perpignan\/wp-json\/wp\/v2\/podcast"}],"about":[{"href":"https:\/\/radio-aviva.com\/perpignan\/wp-json\/wp\/v2\/types\/podcast"}],"author":[{"embeddable":true,"href":"https:\/\/radio-aviva.com\/perpignan\/wp-json\/wp\/v2\/users\/1"}],"version-history":[{"count":1,"href":"https:\/\/radio-aviva.com\/perpignan\/wp-json\/wp\/v2\/podcast\/10370\/revisions"}],"predecessor-version":[{"id":10372,"href":"https:\/\/radio-aviva.com\/perpignan\/wp-json\/wp\/v2\/podcast\/10370\/revisions\/10372"}],"wp:featuredmedia":[{"embeddable":true,"href":"https:\/\/radio-aviva.com\/perpignan\/wp-json\/wp\/v2\/media\/10371"}],"wp:attachment":[{"href":"https:\/\/radio-aviva.com\/perpignan\/wp-json\/wp\/v2\/media?parent=10370"}],"wp:term":[{"taxonomy":"post_tag","embeddable":true,"href":"https:\/\/radio-aviva.com\/perpignan\/wp-json\/wp\/v2\/tags?post=10370"},{"taxonomy":"podcastfilter","embeddable":true,"href":"https:\/\/radio-aviva.com\/perpignan\/wp-json\/wp\/v2\/podcastfilter?post=10370"}],"curies":[{"name":"wp","href":"https:\/\/api.w.org\/{rel}","templated":true}]}}

Salon du chocolat et de l&rsquo;artisanat &#8211; Robert BARAJAS, grand caraque, Jean-Marie GARRIGUE, pâtissier chocolatier

<p>À l’occasion du Salon du Chocolat et de l’artisanat gourmand, la Confrérie des Chocolatiers Catalans vous propose de participer en famille à « Faites un gâteau ».</p>
<p>Pour présenter cette édition 2024 du Salon du Chocolat et de l&rsquo;artisanat gourmand nous recevons Robert BARAJAS Grand Caraque de la confrérie des chocolatiers catalans et Jean-Marie GARRIGUE qui est Pâtissier chocolatier au micro de Jean DUSTOU.</p>
