{"id":10378,"date":"2024-11-09T12:00:07","date_gmt":"2024-11-09T11:00:07","guid":{"rendered":"https:\/\/radio-aviva.com\/perpignan\/?post_type=podcast&#038;p=10378"},"modified":"2024-10-31T15:56:08","modified_gmt":"2024-10-31T14:56:08","slug":"la-carte-jeune-julien-baraille-elu-a-la-region","status":"publish","type":"podcast","link":"https:\/\/radio-aviva.com\/perpignan\/podcast\/la-carte-jeune-julien-baraille-elu-a-la-region\/","title":{"rendered":"La carte jeune &#8211; Julien BARAILLE, \u00e9lu \u00e0 la r\u00e9gion"},"content":{"rendered":"<p>La carte jeune R\u00e9gion c\u2019est quoi ?<\/p>\n<p>Parents, vous le savez bien, la scolarit\u00e9 co\u00fbte ch\u00e8re. Radio AVIVA vous dit tout sur La Carte Jeune R\u00e9gion .<\/p>\n","protected":false},"author":1,"featured_media":10379,"template":"","tags":[],"podcastfilter":[126,282,286,135,186],"class_list":["post-10378","podcast","type-podcast","status-publish","has-post-thumbnail","hentry","podcastfilter-education","podcastfilter-enfant","podcastfilter-institution","podcastfilter-linvite-de-la-redaction","podcastfilter-pyrenees-orientales-2"],"_links":{"self":[{"href":"https:\/\/radio-aviva.com\/perpignan\/wp-json\/wp\/v2\/podcast\/10378","targetHints":{"allow":["GET"]}}],"collection":[{"href":"https:\/\/radio-aviva.com\/perpignan\/wp-json\/wp\/v2\/podcast"}],"about":[{"href":"https:\/\/radio-aviva.com\/perpignan\/wp-json\/wp\/v2\/types\/podcast"}],"author":[{"embeddable":true,"href":"https:\/\/radio-aviva.com\/perpignan\/wp-json\/wp\/v2\/users\/1"}],"version-history":[{"count":1,"href":"https:\/\/radio-aviva.com\/perpignan\/wp-json\/wp\/v2\/podcast\/10378\/revisions"}],"predecessor-version":[{"id":10380,"href":"https:\/\/radio-aviva.com\/perpignan\/wp-json\/wp\/v2\/podcast\/10378\/revisions\/10380"}],"wp:featuredmedia":[{"embeddable":true,"href":"https:\/\/radio-aviva.com\/perpignan\/wp-json\/wp\/v2\/media\/10379"}],"wp:attachment":[{"href":"https:\/\/radio-aviva.com\/perpignan\/wp-json\/wp\/v2\/media?parent=10378"}],"wp:term":[{"taxonomy":"post_tag","embeddable":true,"href":"https:\/\/radio-aviva.com\/perpignan\/wp-json\/wp\/v2\/tags?post=10378"},{"taxonomy":"podcastfilter","embeddable":true,"href":"https:\/\/radio-aviva.com\/perpignan\/wp-json\/wp\/v2\/podcastfilter?post=10378"}],"curies":[{"name":"wp","href":"https:\/\/api.w.org\/{rel}","templated":true}]}}

La carte jeune &#8211; Julien BARAILLE, élu à la région

<p>La carte jeune Région c’est quoi ?</p>
<p>Parents, vous le savez bien, la scolarité coûte chère. Radio AVIVA vous dit tout sur La Carte Jeune Région .</p>
