{"id":10381,"date":"2024-11-14T13:55:36","date_gmt":"2024-11-14T12:55:36","guid":{"rendered":"https:\/\/radio-aviva.com\/perpignan\/?post_type=podcast&#038;p=10381"},"modified":"2024-11-04T10:31:07","modified_gmt":"2024-11-04T09:31:07","slug":"asso-au-coeur-de-moi-virginie-bruni-professeur","status":"publish","type":"podcast","link":"https:\/\/radio-aviva.com\/perpignan\/podcast\/asso-au-coeur-de-moi-virginie-bruni-professeur\/","title":{"rendered":"Association Au Coeur De Moi &#8211; Virginie Bruni, Professeur de Yoga"},"content":{"rendered":"<p>Votre enfant, votre ado a besoin de se pr\u00e9parer \u00e0 un examen, accepter les diff\u00e9rences, se d\u00e9tendre, se concentrer, Radio AVIVA vous apporte la solution avec Val\u00e9rie BRUNI professeur de Yoga .<\/p>\n","protected":false},"author":1,"featured_media":10382,"template":"","tags":[],"podcastfilter":[170,186,119,188],"class_list":["post-10381","podcast","type-podcast","status-publish","has-post-thumbnail","hentry","podcastfilter-actions-culturelles","podcastfilter-pyrenees-orientales-2","podcastfilter-sante","podcastfilter-sport"],"_links":{"self":[{"href":"https:\/\/radio-aviva.com\/perpignan\/wp-json\/wp\/v2\/podcast\/10381","targetHints":{"allow":["GET"]}}],"collection":[{"href":"https:\/\/radio-aviva.com\/perpignan\/wp-json\/wp\/v2\/podcast"}],"about":[{"href":"https:\/\/radio-aviva.com\/perpignan\/wp-json\/wp\/v2\/types\/podcast"}],"author":[{"embeddable":true,"href":"https:\/\/radio-aviva.com\/perpignan\/wp-json\/wp\/v2\/users\/1"}],"version-history":[{"count":3,"href":"https:\/\/radio-aviva.com\/perpignan\/wp-json\/wp\/v2\/podcast\/10381\/revisions"}],"predecessor-version":[{"id":10385,"href":"https:\/\/radio-aviva.com\/perpignan\/wp-json\/wp\/v2\/podcast\/10381\/revisions\/10385"}],"wp:featuredmedia":[{"embeddable":true,"href":"https:\/\/radio-aviva.com\/perpignan\/wp-json\/wp\/v2\/media\/10382"}],"wp:attachment":[{"href":"https:\/\/radio-aviva.com\/perpignan\/wp-json\/wp\/v2\/media?parent=10381"}],"wp:term":[{"taxonomy":"post_tag","embeddable":true,"href":"https:\/\/radio-aviva.com\/perpignan\/wp-json\/wp\/v2\/tags?post=10381"},{"taxonomy":"podcastfilter","embeddable":true,"href":"https:\/\/radio-aviva.com\/perpignan\/wp-json\/wp\/v2\/podcastfilter?post=10381"}],"curies":[{"name":"wp","href":"https:\/\/api.w.org\/{rel}","templated":true}]}}

<p>Votre enfant, votre ado a besoin de se préparer à un examen, accepter les différences, se détendre, se concentrer, Radio AVIVA vous apporte la solution avec Valérie BRUNI professeur de Yoga .</p>
