{"id":10388,"date":"2024-11-12T15:00:59","date_gmt":"2024-11-12T14:00:59","guid":{"rendered":"https:\/\/radio-aviva.com\/perpignan\/?post_type=podcast&#038;p=10388"},"modified":"2024-11-05T11:15:39","modified_gmt":"2024-11-05T10:15:39","slug":"centenaire-du-monument-aux-morts-gilles-glin-delegue-general-du-souvenir-francais","status":"publish","type":"podcast","link":"https:\/\/radio-aviva.com\/perpignan\/podcast\/centenaire-du-monument-aux-morts-gilles-glin-delegue-general-du-souvenir-francais\/","title":{"rendered":"Centenaire du Monument aux Morts &#8211; Gilles GLIN, d\u00e9l\u00e9gu\u00e9 g\u00e9n\u00e9ral du souvenir Fran\u00e7ais"},"content":{"rendered":"<p>Savez vous que le monument aux morts de Perpignan \u00e0 100 ans ? Le G\u00e9n\u00e9ral Gilles Glin nous raconte son histoire au micro de Jean DUSTOU.<\/p>\n","protected":false},"author":1,"featured_media":10389,"template":"","tags":[],"podcastfilter":[144,238,175,133],"class_list":["post-10388","podcast","type-podcast","status-publish","has-post-thumbnail","hentry","podcastfilter-histoire","podcastfilter-hommage","podcastfilter-invite-de-la-redaction","podcastfilter-memoire"],"_links":{"self":[{"href":"https:\/\/radio-aviva.com\/perpignan\/wp-json\/wp\/v2\/podcast\/10388","targetHints":{"allow":["GET"]}}],"collection":[{"href":"https:\/\/radio-aviva.com\/perpignan\/wp-json\/wp\/v2\/podcast"}],"about":[{"href":"https:\/\/radio-aviva.com\/perpignan\/wp-json\/wp\/v2\/types\/podcast"}],"author":[{"embeddable":true,"href":"https:\/\/radio-aviva.com\/perpignan\/wp-json\/wp\/v2\/users\/1"}],"version-history":[{"count":1,"href":"https:\/\/radio-aviva.com\/perpignan\/wp-json\/wp\/v2\/podcast\/10388\/revisions"}],"predecessor-version":[{"id":10390,"href":"https:\/\/radio-aviva.com\/perpignan\/wp-json\/wp\/v2\/podcast\/10388\/revisions\/10390"}],"wp:featuredmedia":[{"embeddable":true,"href":"https:\/\/radio-aviva.com\/perpignan\/wp-json\/wp\/v2\/media\/10389"}],"wp:attachment":[{"href":"https:\/\/radio-aviva.com\/perpignan\/wp-json\/wp\/v2\/media?parent=10388"}],"wp:term":[{"taxonomy":"post_tag","embeddable":true,"href":"https:\/\/radio-aviva.com\/perpignan\/wp-json\/wp\/v2\/tags?post=10388"},{"taxonomy":"podcastfilter","embeddable":true,"href":"https:\/\/radio-aviva.com\/perpignan\/wp-json\/wp\/v2\/podcastfilter?post=10388"}],"curies":[{"name":"wp","href":"https:\/\/api.w.org\/{rel}","templated":true}]}}

Centenaire du Monument aux Morts &#8211; Gilles GLIN, délégué général du souvenir Français

<p>Savez vous que le monument aux morts de Perpignan à 100 ans ? Le Général Gilles Glin nous raconte son histoire au micro de Jean DUSTOU.</p>
