{"id":10391,"date":"2024-11-07T19:07:07","date_gmt":"2024-11-07T18:07:07","guid":{"rendered":"https:\/\/radio-aviva.com\/perpignan\/?post_type=podcast&#038;p=10391"},"modified":"2024-11-05T11:38:27","modified_gmt":"2024-11-05T10:38:27","slug":"telethon-2024-rene-dublet-coordinateur-afm-telethon","status":"publish","type":"podcast","link":"https:\/\/radio-aviva.com\/perpignan\/podcast\/telethon-2024-rene-dublet-coordinateur-afm-telethon\/","title":{"rendered":"TELETHON 2024 &#8211; Ren\u00e9 DUBLET, coordinateur AFM T\u00e9l\u00e9thon"},"content":{"rendered":"<p>Et vous, vous faites quoi pour le T\u00e9l\u00e9thon\u00a02024 ? Voici le dispositif \u00e0 Perpignan et ses alentours avec Radio AVIVA.<\/p>\n","protected":false},"author":1,"featured_media":10392,"template":"","tags":[],"podcastfilter":[255,175,152,137],"class_list":["post-10391","podcast","type-podcast","status-publish","has-post-thumbnail","hentry","podcastfilter-evenement","podcastfilter-invite-de-la-redaction","podcastfilter-lien-social","podcastfilter-lutte-contre-les-discrimination"],"_links":{"self":[{"href":"https:\/\/radio-aviva.com\/perpignan\/wp-json\/wp\/v2\/podcast\/10391","targetHints":{"allow":["GET"]}}],"collection":[{"href":"https:\/\/radio-aviva.com\/perpignan\/wp-json\/wp\/v2\/podcast"}],"about":[{"href":"https:\/\/radio-aviva.com\/perpignan\/wp-json\/wp\/v2\/types\/podcast"}],"author":[{"embeddable":true,"href":"https:\/\/radio-aviva.com\/perpignan\/wp-json\/wp\/v2\/users\/1"}],"version-history":[{"count":1,"href":"https:\/\/radio-aviva.com\/perpignan\/wp-json\/wp\/v2\/podcast\/10391\/revisions"}],"predecessor-version":[{"id":10393,"href":"https:\/\/radio-aviva.com\/perpignan\/wp-json\/wp\/v2\/podcast\/10391\/revisions\/10393"}],"wp:featuredmedia":[{"embeddable":true,"href":"https:\/\/radio-aviva.com\/perpignan\/wp-json\/wp\/v2\/media\/10392"}],"wp:attachment":[{"href":"https:\/\/radio-aviva.com\/perpignan\/wp-json\/wp\/v2\/media?parent=10391"}],"wp:term":[{"taxonomy":"post_tag","embeddable":true,"href":"https:\/\/radio-aviva.com\/perpignan\/wp-json\/wp\/v2\/tags?post=10391"},{"taxonomy":"podcastfilter","embeddable":true,"href":"https:\/\/radio-aviva.com\/perpignan\/wp-json\/wp\/v2\/podcastfilter?post=10391"}],"curies":[{"name":"wp","href":"https:\/\/api.w.org\/{rel}","templated":true}]}}

TELETHON 2024 &#8211; René DUBLET, coordinateur AFM Téléthon

<p>Et vous, vous faites quoi pour le Téléthon 2024 ? Voici le dispositif à Perpignan et ses alentours avec Radio AVIVA.</p>
