{"id":10404,"date":"2024-11-06T15:45:08","date_gmt":"2024-11-06T14:45:08","guid":{"rendered":"https:\/\/radio-aviva.com\/perpignan\/?post_type=podcast&#038;p=10404"},"modified":"2024-11-06T15:45:08","modified_gmt":"2024-11-06T14:45:08","slug":"campus-avec-liliane-dray-la-scolarisation-des-mineurs-detenus","status":"publish","type":"podcast","link":"https:\/\/radio-aviva.com\/perpignan\/podcast\/campus-avec-liliane-dray-la-scolarisation-des-mineurs-detenus\/","title":{"rendered":"Campus avec Liliane Dray &#8211; La scolarisation des mineurs d\u00e9tenus"},"content":{"rendered":"<p>Un sujet difficile dont on va parler dans cette rubrique Campus : la scolarisation des mineurs<br \/>\nd\u00e9tenus<br \/>\n\uf0b7 Quelles sont les premiers constats de cette enqu\u00eate\u00a0?<br \/>\n\uf0b7 Quels seraient les effets b\u00e9n\u00e9fiques de la scolarit\u00e9 en d\u00e9tention\u00a0?<br \/>\n\uf0b7 Un objectif vis\u00e9 par cette scolarit\u00e9 des mineurs en prison, serait de sortir de la d\u00e9tention gr\u00e2ce \u00e0<br \/>\nl\u2019\u00e9cole<br \/>\n\uf0b7 Vous trouverez plus de renseignements si les conditions d\u2019enseignement et exp\u00e9riences scolaires<br \/>\ndes mineurs d\u00e9tenus vous int\u00e9ressent, en allant \u00e0 l\u2019adresse\u00a0: https:\/\/documentation.onisep.fr<\/p>\n","protected":false},"author":1,"featured_media":8857,"template":"","tags":[],"podcastfilter":[147,315,126,87,108,109],"class_list":["post-10404","podcast","type-podcast","status-publish","has-post-thumbnail","hentry","podcastfilter-campus","podcastfilter-ecole","podcastfilter-education","podcastfilter-montpellier","podcastfilter-nimes","podcastfilter-perpignan"],"_links":{"self":[{"href":"https:\/\/radio-aviva.com\/perpignan\/wp-json\/wp\/v2\/podcast\/10404","targetHints":{"allow":["GET"]}}],"collection":[{"href":"https:\/\/radio-aviva.com\/perpignan\/wp-json\/wp\/v2\/podcast"}],"about":[{"href":"https:\/\/radio-aviva.com\/perpignan\/wp-json\/wp\/v2\/types\/podcast"}],"author":[{"embeddable":true,"href":"https:\/\/radio-aviva.com\/perpignan\/wp-json\/wp\/v2\/users\/1"}],"version-history":[{"count":1,"href":"https:\/\/radio-aviva.com\/perpignan\/wp-json\/wp\/v2\/podcast\/10404\/revisions"}],"predecessor-version":[{"id":10405,"href":"https:\/\/radio-aviva.com\/perpignan\/wp-json\/wp\/v2\/podcast\/10404\/revisions\/10405"}],"wp:featuredmedia":[{"embeddable":true,"href":"https:\/\/radio-aviva.com\/perpignan\/wp-json\/wp\/v2\/media\/8857"}],"wp:attachment":[{"href":"https:\/\/radio-aviva.com\/perpignan\/wp-json\/wp\/v2\/media?parent=10404"}],"wp:term":[{"taxonomy":"post_tag","embeddable":true,"href":"https:\/\/radio-aviva.com\/perpignan\/wp-json\/wp\/v2\/tags?post=10404"},{"taxonomy":"podcastfilter","embeddable":true,"href":"https:\/\/radio-aviva.com\/perpignan\/wp-json\/wp\/v2\/podcastfilter?post=10404"}],"curies":[{"name":"wp","href":"https:\/\/api.w.org\/{rel}","templated":true}]}}

Campus avec Liliane Dray &#8211; La scolarisation des mineurs détenus

<p>Un sujet difficile dont on va parler dans cette rubrique Campus : la scolarisation des mineurs<br />
détenus<br />
 Quelles sont les premiers constats de cette enquête ?<br />
 Quels seraient les effets bénéfiques de la scolarité en détention ?<br />
 Un objectif visé par cette scolarité des mineurs en prison, serait de sortir de la détention grâce à<br />
l’école<br />
 Vous trouverez plus de renseignements si les conditions d’enseignement et expériences scolaires<br />
des mineurs détenus vous intéressent, en allant à l’adresse : https://documentation.onisep.fr</p>
