{"id":10439,"date":"2024-11-19T13:45:23","date_gmt":"2024-11-19T12:45:23","guid":{"rendered":"https:\/\/radio-aviva.com\/perpignan\/?post_type=podcast&#038;p=10439"},"modified":"2024-11-12T16:26:52","modified_gmt":"2024-11-12T15:26:52","slug":"mda66-carine-lemoine-dalibon-coordinatrice","status":"publish","type":"podcast","link":"https:\/\/radio-aviva.com\/perpignan\/podcast\/mda66-carine-lemoine-dalibon-coordinatrice\/","title":{"rendered":"MDA66 &#8211; Carine LEMOINE DALIBON, coordinatrice"},"content":{"rendered":"<p>Quelles sont les nouvelles probl\u00e9matiques en mati\u00e8re de sexualit\u00e9\u00a0pour les adolescents d\u2019aujourd\u2019hui, et auxquelles les professionnels sont confront\u00e9s ? Radio AVIVA invite l\u2019association MDA 66\u00a0au micro de Jean DUSTOU.<\/p>\n","protected":false},"author":1,"featured_media":10442,"template":"","tags":[],"podcastfilter":[126,316,314,259],"class_list":["post-10439","podcast","type-podcast","status-publish","has-post-thumbnail","hentry","podcastfilter-education","podcastfilter-jeune","podcastfilter-la-voix-des-assos","podcastfilter-social"],"_links":{"self":[{"href":"https:\/\/radio-aviva.com\/perpignan\/wp-json\/wp\/v2\/podcast\/10439","targetHints":{"allow":["GET"]}}],"collection":[{"href":"https:\/\/radio-aviva.com\/perpignan\/wp-json\/wp\/v2\/podcast"}],"about":[{"href":"https:\/\/radio-aviva.com\/perpignan\/wp-json\/wp\/v2\/types\/podcast"}],"author":[{"embeddable":true,"href":"https:\/\/radio-aviva.com\/perpignan\/wp-json\/wp\/v2\/users\/1"}],"version-history":[{"count":1,"href":"https:\/\/radio-aviva.com\/perpignan\/wp-json\/wp\/v2\/podcast\/10439\/revisions"}],"predecessor-version":[{"id":10441,"href":"https:\/\/radio-aviva.com\/perpignan\/wp-json\/wp\/v2\/podcast\/10439\/revisions\/10441"}],"wp:featuredmedia":[{"embeddable":true,"href":"https:\/\/radio-aviva.com\/perpignan\/wp-json\/wp\/v2\/media\/10442"}],"wp:attachment":[{"href":"https:\/\/radio-aviva.com\/perpignan\/wp-json\/wp\/v2\/media?parent=10439"}],"wp:term":[{"taxonomy":"post_tag","embeddable":true,"href":"https:\/\/radio-aviva.com\/perpignan\/wp-json\/wp\/v2\/tags?post=10439"},{"taxonomy":"podcastfilter","embeddable":true,"href":"https:\/\/radio-aviva.com\/perpignan\/wp-json\/wp\/v2\/podcastfilter?post=10439"}],"curies":[{"name":"wp","href":"https:\/\/api.w.org\/{rel}","templated":true}]}}

<p>Quelles sont les nouvelles problématiques en matière de sexualité pour les adolescents d’aujourd’hui, et auxquelles les professionnels sont confrontés ? Radio AVIVA invite l’association MDA 66 au micro de Jean DUSTOU.</p>
