{"id":10444,"date":"2024-11-18T10:50:34","date_gmt":"2024-11-18T09:50:34","guid":{"rendered":"https:\/\/radio-aviva.com\/perpignan\/?post_type=podcast&#038;p=10444"},"modified":"2024-11-15T10:13:22","modified_gmt":"2024-11-15T09:13:22","slug":"aujourdhui-musique-jackie-surjus-collet-directrice-du-theatre-de-larchipel","status":"publish","type":"podcast","link":"https:\/\/radio-aviva.com\/perpignan\/podcast\/aujourdhui-musique-jackie-surjus-collet-directrice-du-theatre-de-larchipel\/","title":{"rendered":"Aujourd&rsquo;hui Musique &#8211; Jackie Surjus Collet, Directrice du Th\u00e9\u00e2tre de l&rsquo;Archipel"},"content":{"rendered":"<p>Vous avez envie de rencontrer des artistes, assister \u00e0 des r\u00e9p\u00e9titions , des masterclasses, des conf\u00e9rences, des ateliers et surtout savourez des concerts ? On a \u00e7a pour vous sur Radio AVIVA avec le festival Aujourd\u2019hui Musique ! <\/p>\n","protected":false},"author":1,"featured_media":10445,"template":"","tags":[],"podcastfilter":[171,209,150,167,88,109,186],"class_list":["post-10444","podcast","type-podcast","status-publish","has-post-thumbnail","hentry","podcastfilter-ateliers","podcastfilter-concert","podcastfilter-entracte","podcastfilter-festival","podcastfilter-musique","podcastfilter-perpignan","podcastfilter-pyrenees-orientales-2"],"_links":{"self":[{"href":"https:\/\/radio-aviva.com\/perpignan\/wp-json\/wp\/v2\/podcast\/10444","targetHints":{"allow":["GET"]}}],"collection":[{"href":"https:\/\/radio-aviva.com\/perpignan\/wp-json\/wp\/v2\/podcast"}],"about":[{"href":"https:\/\/radio-aviva.com\/perpignan\/wp-json\/wp\/v2\/types\/podcast"}],"author":[{"embeddable":true,"href":"https:\/\/radio-aviva.com\/perpignan\/wp-json\/wp\/v2\/users\/1"}],"version-history":[{"count":1,"href":"https:\/\/radio-aviva.com\/perpignan\/wp-json\/wp\/v2\/podcast\/10444\/revisions"}],"predecessor-version":[{"id":10446,"href":"https:\/\/radio-aviva.com\/perpignan\/wp-json\/wp\/v2\/podcast\/10444\/revisions\/10446"}],"wp:featuredmedia":[{"embeddable":true,"href":"https:\/\/radio-aviva.com\/perpignan\/wp-json\/wp\/v2\/media\/10445"}],"wp:attachment":[{"href":"https:\/\/radio-aviva.com\/perpignan\/wp-json\/wp\/v2\/media?parent=10444"}],"wp:term":[{"taxonomy":"post_tag","embeddable":true,"href":"https:\/\/radio-aviva.com\/perpignan\/wp-json\/wp\/v2\/tags?post=10444"},{"taxonomy":"podcastfilter","embeddable":true,"href":"https:\/\/radio-aviva.com\/perpignan\/wp-json\/wp\/v2\/podcastfilter?post=10444"}],"curies":[{"name":"wp","href":"https:\/\/api.w.org\/{rel}","templated":true}]}}

Aujourd&rsquo;hui Musique &#8211; Jackie Surjus Collet, Directrice du Théâtre de l&rsquo;Archipel

<p>Vous avez envie de rencontrer des artistes, assister à des répétitions , des masterclasses, des conférences, des ateliers et surtout savourez des concerts ? On a ça pour vous sur Radio AVIVA avec le festival Aujourd’hui Musique ! </p>
